Last updated on 2024-05-21 02:54:27 CEST.
Flavor | Version | Tinstall | Tcheck | Ttotal | Status | Flags |
---|---|---|---|---|---|---|
r-devel-linux-x86_64-debian-clang | 1.4 | 10.21 | 800.23 | 810.44 | OK | |
r-devel-linux-x86_64-debian-gcc | 1.4 | 8.49 | 548.88 | 557.37 | OK | |
r-devel-linux-x86_64-fedora-clang | 1.4 | 961.09 | NOTE | |||
r-devel-linux-x86_64-fedora-gcc | 1.4 | 938.85 | OK | |||
r-devel-windows-x86_64 | 1.4 | 10.00 | 136.00 | 146.00 | NOTE | --no-vignettes |
r-patched-linux-x86_64 | 1.4 | 10.18 | 779.94 | 790.12 | OK | |
r-release-linux-x86_64 | 1.4 | 10.32 | 762.17 | 772.49 | OK | |
r-release-macos-arm64 | 1.4 | 216.00 | NOTE | |||
r-release-windows-x86_64 | 1.4 | 13.00 | 118.00 | 131.00 | NOTE | --no-vignettes |
r-oldrel-macos-arm64 | 1.4 | 212.00 | NOTE | |||
r-oldrel-macos-x86_64 | 1.4 | 551.00 | NOTE | |||
r-oldrel-windows-x86_64 | 1.4 | 14.00 | 146.00 | 160.00 | NOTE | --no-vignettes |
Version: 1.4
Check: installed package size
Result: NOTE
installed size is 5.3Mb
sub-directories of 1Mb or more:
data 1.4Mb
doc 3.5Mb
Flavors: r-devel-linux-x86_64-fedora-clang, r-release-macos-arm64, r-oldrel-macos-arm64, r-oldrel-macos-x86_64
Version: 1.4
Flags: --no-vignettes
Check: installed package size
Result: NOTE
installed size is 5.2Mb
sub-directories of 1Mb or more:
data 1.4Mb
doc 3.5Mb
Flavors: r-devel-windows-x86_64, r-release-windows-x86_64, r-oldrel-windows-x86_64