Last updated on 2025-02-18 02:50:37 CET.
Flavor | Version | Tinstall | Tcheck | Ttotal | Status | Flags |
---|---|---|---|---|---|---|
r-devel-linux-x86_64-debian-clang | 0.1.7 | 83.87 | 65.58 | 149.45 | OK | |
r-devel-linux-x86_64-debian-gcc | 0.1.7 | 59.88 | 48.87 | 108.75 | OK | |
r-devel-linux-x86_64-fedora-clang | 0.1.7 | 306.13 | OK | |||
r-devel-linux-x86_64-fedora-gcc | 0.1.7 | 268.77 | OK | |||
r-devel-macos-arm64 | 0.1.7 | 63.00 | OK | |||
r-devel-macos-x86_64 | 0.1.7 | 91.00 | OK | |||
r-devel-windows-x86_64 | 0.1.7 | 90.00 | 98.00 | 188.00 | OK | |
r-patched-linux-x86_64 | 0.1.7 | 83.53 | 52.81 | 136.34 | OK | |
r-release-linux-x86_64 | 0.1.7 | 78.84 | 53.14 | 131.98 | OK | |
r-release-macos-arm64 | 0.1.7 | 61.00 | NOTE | |||
r-release-macos-x86_64 | 0.1.7 | 80.00 | NOTE | |||
r-release-windows-x86_64 | 0.1.7 | 91.00 | 97.00 | 188.00 | OK | |
r-oldrel-macos-arm64 | 0.1.7 | 68.00 | NOTE | |||
r-oldrel-macos-x86_64 | 0.1.7 | 105.00 | NOTE | |||
r-oldrel-windows-x86_64 | 0.1.7 | 113.00 | 105.00 | 218.00 | OK |
Version: 0.1.7
Check: installed package size
Result: NOTE
installed size is 5.7Mb
sub-directories of 1Mb or more:
libs 5.2Mb
Flavors: r-release-macos-arm64, r-release-macos-x86_64, r-oldrel-macos-arm64, r-oldrel-macos-x86_64