Last updated on 2025-02-18 02:50:37 CET.
Flavor | Version | Tinstall | Tcheck | Ttotal | Status | Flags |
---|---|---|---|---|---|---|
r-devel-linux-x86_64-debian-clang | 1.0.0 | 16.99 | 153.03 | 170.02 | NOTE | |
r-devel-linux-x86_64-debian-gcc | 1.0.0 | 13.00 | 109.63 | 122.63 | NOTE | |
r-devel-linux-x86_64-fedora-clang | 1.0.0 | 274.78 | NOTE | |||
r-devel-linux-x86_64-fedora-gcc | 1.0.0 | 264.73 | NOTE | |||
r-devel-macos-arm64 | 1.0.0 | 84.00 | NOTE | |||
r-devel-macos-x86_64 | 1.0.0 | 175.00 | NOTE | |||
r-devel-windows-x86_64 | 1.0.0 | 20.00 | 144.00 | 164.00 | NOTE | |
r-patched-linux-x86_64 | 1.0.0 | 20.00 | 140.89 | 160.89 | NOTE | |
r-release-linux-x86_64 | 1.0.0 | 16.67 | 141.64 | 158.31 | NOTE | |
r-release-macos-arm64 | 1.0.0 | 75.00 | NOTE | |||
r-release-macos-x86_64 | 1.0.0 | 142.00 | NOTE | |||
r-release-windows-x86_64 | 1.0.0 | 21.00 | 144.00 | 165.00 | NOTE | |
r-oldrel-macos-arm64 | 1.0.0 | 76.00 | OK | |||
r-oldrel-macos-x86_64 | 1.0.0 | 153.00 | OK | |||
r-oldrel-windows-x86_64 | 1.0.0 | 26.00 | 181.00 | 207.00 | OK |
Version: 1.0.0
Check: Rd files
Result: NOTE
checkRd: (-1) runGRM.Rd:24: Lost braces
24 | from \code{\link{mirt}} or code{\linkS4class{lavaan}} from from
| ^
Flavors: r-devel-linux-x86_64-debian-clang, r-devel-linux-x86_64-debian-gcc, r-devel-linux-x86_64-fedora-clang, r-devel-linux-x86_64-fedora-gcc, r-devel-macos-arm64, r-devel-macos-x86_64, r-devel-windows-x86_64, r-patched-linux-x86_64, r-release-linux-x86_64, r-release-macos-arm64, r-release-macos-x86_64, r-release-windows-x86_64
Version: 1.0.0
Check: Rd cross-references
Result: NOTE
Found the following Rd file(s) with Rd \link{} targets missing package
anchors:
ESplot.Rd: scale_color_viridis_d, ggplot
FSplot.Rd: ggplot
ICCplot.Rd: scale_color_viridis_d, ggplot
genLavSyn.Rd: lavaan
infoPlot.Rd: scale_color_viridis_d, ggplot
runGRM.Rd: lavaan, SingleGroupClass-class, mirt, lavaan-class
Please provide package anchors for all Rd \link{} targets not in the
package itself and the base packages.
Flavors: r-devel-linux-x86_64-debian-clang, r-devel-linux-x86_64-debian-gcc, r-devel-windows-x86_64