Last updated on 2025-02-18 02:50:37 CET.
Flavor | Version | Tinstall | Tcheck | Ttotal | Status | Flags |
---|---|---|---|---|---|---|
r-devel-linux-x86_64-debian-clang | 4.2-1 | 66.78 | 65.75 | 132.53 | OK | |
r-devel-linux-x86_64-debian-gcc | 4.2-1 | 46.47 | 47.06 | 93.53 | OK | |
r-devel-linux-x86_64-fedora-clang | 4.2-1 | 243.62 | OK | |||
r-devel-linux-x86_64-fedora-gcc | 4.2-1 | 227.33 | OK | |||
r-devel-macos-arm64 | 4.2-1 | 55.00 | OK | |||
r-devel-macos-x86_64 | 4.2-1 | 115.00 | OK | |||
r-devel-windows-x86_64 | 4.2-1 | 69.00 | 100.00 | 169.00 | OK | |
r-patched-linux-x86_64 | 4.2-1 | 65.98 | 61.37 | 127.35 | OK | |
r-release-linux-x86_64 | 4.2-1 | 66.11 | 62.36 | 128.47 | OK | |
r-release-macos-arm64 | 4.2-1 | 57.00 | OK | |||
r-release-macos-x86_64 | 4.2-1 | 88.00 | NOTE | |||
r-release-windows-x86_64 | 4.2-1 | 69.00 | 105.00 | 174.00 | OK | |
r-oldrel-macos-arm64 | 4.2-1 | 68.00 | NOTE | |||
r-oldrel-macos-x86_64 | 4.2-1 | 112.00 | NOTE | |||
r-oldrel-windows-x86_64 | 4.2-1 | 88.00 | 141.00 | 229.00 | OK |
Version: 4.2-1
Check: installed package size
Result: NOTE
installed size is 5.2Mb
sub-directories of 1Mb or more:
libs 4.6Mb
Flavors: r-release-macos-x86_64, r-oldrel-macos-arm64, r-oldrel-macos-x86_64