Last updated on 2025-02-21 02:52:12 CET.
Flavor | Version | Tinstall | Tcheck | Ttotal | Status | Flags |
---|---|---|---|---|---|---|
r-devel-linux-x86_64-debian-clang | 1.3.1 | 43.58 | 99.58 | 143.16 | OK | |
r-devel-linux-x86_64-debian-gcc | 1.3.1 | 31.94 | 71.60 | 103.54 | OK | |
r-devel-linux-x86_64-fedora-clang | 1.3.1 | 250.09 | OK | |||
r-devel-linux-x86_64-fedora-gcc | 1.3.1 | 257.96 | OK | |||
r-devel-macos-arm64 | 1.3.1 | 60.00 | OK | |||
r-devel-macos-x86_64 | 1.3.1 | 115.00 | OK | |||
r-devel-windows-x86_64 | 1.3.1 | 50.00 | 130.00 | 180.00 | OK | |
r-patched-linux-x86_64 | 1.3.1 | 43.65 | 94.23 | 137.88 | NOTE | |
r-release-linux-x86_64 | 1.3.1 | 40.15 | 93.90 | 134.05 | NOTE | |
r-release-macos-arm64 | 1.3.1 | 49.00 | NOTE | |||
r-release-macos-x86_64 | 1.3.1 | 79.00 | NOTE | |||
r-release-windows-x86_64 | 1.3.1 | 53.00 | 125.00 | 178.00 | NOTE | |
r-oldrel-macos-arm64 | 1.2.6 | 254.00 | NOTE | |||
r-oldrel-macos-x86_64 | 1.3.1 | 134.00 | NOTE | |||
r-oldrel-windows-x86_64 | 1.3.1 | 62.00 | 165.00 | 227.00 | NOTE |
Version: 1.3.1
Check: for GNU extensions in Makefiles
Result: NOTE
GNU make is a SystemRequirements.
Flavors: r-patched-linux-x86_64, r-release-linux-x86_64, r-release-macos-arm64, r-release-macos-x86_64, r-release-windows-x86_64, r-oldrel-macos-x86_64, r-oldrel-windows-x86_64
Version: 1.2.6
Check: for GNU extensions in Makefiles
Result: NOTE
GNU make is a SystemRequirements.
Flavor: r-oldrel-macos-arm64