Last updated on 2024-05-21 14:57:11 CEST.
Flavor | Version | Tinstall | Tcheck | Ttotal | Status | Flags |
---|---|---|---|---|---|---|
r-devel-linux-x86_64-debian-clang | 2.0.0 | 105.82 | 63.26 | 169.08 | OK | |
r-devel-linux-x86_64-debian-gcc | 2.0.0 | 95.19 | 49.55 | 144.74 | OK | |
r-devel-linux-x86_64-fedora-clang | 2.0.0 | 208.30 | OK | |||
r-devel-linux-x86_64-fedora-gcc | 2.0.0 | 288.70 | OK | |||
r-devel-windows-x86_64 | 2.0.0 | 85.00 | 91.00 | 176.00 | NOTE | |
r-patched-linux-x86_64 | 2.0.0 | 121.09 | 63.84 | 184.93 | OK | |
r-release-linux-x86_64 | 2.0.0 | 95.62 | 67.00 | 162.62 | OK | |
r-release-macos-arm64 | 2.0.0 | 61.00 | NOTE | |||
r-release-windows-x86_64 | 2.0.0 | 85.00 | 89.00 | 174.00 | NOTE | |
r-oldrel-macos-arm64 | 2.0.0 | 59.00 | NOTE | |||
r-oldrel-macos-x86_64 | 2.0.0 | 137.00 | NOTE | |||
r-oldrel-windows-x86_64 | 2.0.0 | 106.00 | 110.00 | 216.00 | NOTE |
Version: 2.0.0
Check: installed package size
Result: NOTE
installed size is 13.5Mb
sub-directories of 1Mb or more:
libs 12.8Mb
Flavors: r-devel-windows-x86_64, r-release-macos-arm64, r-release-windows-x86_64, r-oldrel-macos-arm64, r-oldrel-macos-x86_64, r-oldrel-windows-x86_64