Last updated on 2025-02-21 02:52:12 CET.
Flavor | Version | Tinstall | Tcheck | Ttotal | Status | Flags |
---|---|---|---|---|---|---|
r-devel-linux-x86_64-debian-clang | 0.2.0 | 3.63 | 31.12 | 34.75 | NOTE | |
r-devel-linux-x86_64-debian-gcc | 0.2.0 | 2.27 | 22.06 | 24.33 | NOTE | |
r-devel-linux-x86_64-fedora-clang | 0.2.0 | 55.64 | NOTE | |||
r-devel-linux-x86_64-fedora-gcc | 0.2.0 | 53.76 | NOTE | |||
r-devel-macos-arm64 | 0.2.0 | 20.00 | NOTE | |||
r-devel-macos-x86_64 | 0.2.0 | 34.00 | NOTE | |||
r-devel-windows-x86_64 | 0.2.0 | 4.00 | 53.00 | 57.00 | NOTE | |
r-patched-linux-x86_64 | 0.2.0 | 4.59 | 28.42 | 33.01 | NOTE | |
r-release-linux-x86_64 | 0.2.0 | 2.97 | 28.80 | 31.77 | NOTE | |
r-release-macos-arm64 | 0.2.0 | 19.00 | NOTE | |||
r-release-macos-x86_64 | 0.2.0 | 27.00 | NOTE | |||
r-release-windows-x86_64 | 0.2.0 | 4.00 | 52.00 | 56.00 | NOTE | |
r-oldrel-macos-arm64 | 0.2.0 | 20.00 | OK | |||
r-oldrel-macos-x86_64 | 0.2.0 | 29.00 | OK | |||
r-oldrel-windows-x86_64 | 0.2.0 | 5.00 | 67.00 | 72.00 | OK |
Version: 0.2.0
Check: Rd files
Result: NOTE
checkRd: (-1) calvaria.Rd:8: Lost braces; missing escapes or markup?
8 | A named list containing \code{x} {a vector containing the ages}
| ^
checkRd: (-1) calvaria.Rd:9: Lost braces; missing escapes or markup?
9 | \code{y} {a matrix where each column is a preshape.} The 23rd, 101st,
| ^
Flavors: r-devel-linux-x86_64-debian-clang, r-devel-linux-x86_64-debian-gcc, r-devel-linux-x86_64-fedora-clang, r-devel-linux-x86_64-fedora-gcc, r-devel-macos-arm64, r-devel-macos-x86_64, r-devel-windows-x86_64, r-patched-linux-x86_64, r-release-linux-x86_64, r-release-macos-arm64, r-release-macos-x86_64, r-release-windows-x86_64