Last updated on 2025-02-18 02:50:37 CET.
Flavor | Version | Tinstall | Tcheck | Ttotal | Status | Flags |
---|---|---|---|---|---|---|
r-devel-linux-x86_64-debian-clang | 0.3.0 | 47.03 | 370.99 | 418.02 | OK | |
r-devel-linux-x86_64-debian-gcc | 0.3.0 | 33.41 | 251.04 | 284.45 | OK | |
r-devel-linux-x86_64-fedora-clang | 0.3.0 | 786.73 | OK | |||
r-devel-linux-x86_64-fedora-gcc | 0.3.0 | 729.41 | OK | |||
r-devel-macos-arm64 | 0.3.0 | 204.00 | OK | |||
r-devel-macos-x86_64 | 0.3.0 | 408.00 | OK | |||
r-devel-windows-x86_64 | 0.3.0 | 52.00 | 448.00 | 500.00 | OK | |
r-patched-linux-x86_64 | 0.3.0 | 48.00 | 342.34 | 390.34 | OK | |
r-release-linux-x86_64 | 0.3.0 | 48.45 | 344.73 | 393.18 | OK | |
r-release-macos-arm64 | 0.3.0 | 215.00 | NOTE | |||
r-release-macos-x86_64 | 0.3.0 | 359.00 | NOTE | |||
r-release-windows-x86_64 | 0.3.0 | 58.00 | 455.00 | 513.00 | OK | |
r-oldrel-macos-arm64 | 0.3.0 | 241.00 | NOTE | |||
r-oldrel-macos-x86_64 | 0.3.0 | 422.00 | NOTE | |||
r-oldrel-windows-x86_64 | 0.3.0 | 71.00 | 537.00 | 608.00 | OK |
Version: 0.3.0
Check: installed package size
Result: NOTE
installed size is 5.7Mb
sub-directories of 1Mb or more:
doc 1.7Mb
libs 3.4Mb
Flavors: r-release-macos-arm64, r-release-macos-x86_64, r-oldrel-macos-arm64, r-oldrel-macos-x86_64