Last updated on 2024-05-21 14:57:12 CEST.
Flavor | Version | Tinstall | Tcheck | Ttotal | Status | Flags |
---|---|---|---|---|---|---|
r-devel-linux-x86_64-debian-clang | 1.0.0 | 5.70 | 50.54 | 56.24 | NOTE | |
r-devel-linux-x86_64-debian-gcc | 1.0.0 | 3.95 | 37.58 | 41.53 | NOTE | |
r-devel-linux-x86_64-fedora-clang | 1.0.0 | 69.57 | NOTE | |||
r-devel-linux-x86_64-fedora-gcc | 1.0.0 | 77.23 | NOTE | |||
r-devel-windows-x86_64 | 1.0.0 | 6.00 | 59.00 | 65.00 | NOTE | |
r-patched-linux-x86_64 | 1.0.0 | 4.05 | 47.34 | 51.39 | NOTE | |
r-release-linux-x86_64 | 1.0.0 | 3.45 | 48.73 | 52.18 | NOTE | |
r-release-macos-arm64 | 1.0.0 | 31.00 | OK | |||
r-release-windows-x86_64 | 1.0.0 | 7.00 | 60.00 | 67.00 | NOTE | |
r-oldrel-macos-arm64 | 1.0.0 | 37.00 | OK | |||
r-oldrel-macos-x86_64 | 1.0.0 | 70.00 | OK | |||
r-oldrel-windows-x86_64 | 1.0.0 | 7.00 | 66.00 | 73.00 | OK |
Version: 1.0.0
Check: HTML version of manual
Result: NOTE
Found the following HTML validation problems:
sample_income_data.html:37:1 (sample_income_data.Rd:8): Warning: trimming empty <h4>
Flavors: r-devel-linux-x86_64-debian-clang, r-devel-linux-x86_64-debian-gcc, r-devel-linux-x86_64-fedora-clang, r-devel-linux-x86_64-fedora-gcc, r-devel-windows-x86_64, r-patched-linux-x86_64, r-release-linux-x86_64, r-release-windows-x86_64