Last updated on 2025-02-21 02:52:12 CET.
Flavor | Version | Tinstall | Tcheck | Ttotal | Status | Flags |
---|---|---|---|---|---|---|
r-devel-linux-x86_64-debian-clang | 3.0.3 | 30.60 | 147.13 | 177.73 | NOTE | |
r-devel-linux-x86_64-debian-gcc | 3.0.3 | 20.50 | 103.55 | 124.05 | NOTE | |
r-devel-linux-x86_64-fedora-clang | 3.0.3 | 289.63 | OK | |||
r-devel-linux-x86_64-fedora-gcc | 3.0.3 | 286.27 | OK | |||
r-devel-macos-arm64 | 3.0.3 | 83.00 | OK | |||
r-devel-macos-x86_64 | 3.0.3 | 146.00 | OK | |||
r-devel-windows-x86_64 | 3.0.3 | 36.00 | 178.00 | 214.00 | NOTE | |
r-patched-linux-x86_64 | 3.0.3 | 39.72 | 136.75 | 176.47 | OK | |
r-release-linux-x86_64 | 3.0.3 | 28.34 | 135.52 | 163.86 | OK | |
r-release-macos-arm64 | 3.0.3 | 83.00 | OK | |||
r-release-macos-x86_64 | 3.0.3 | 111.00 | OK | |||
r-release-windows-x86_64 | 3.0.3 | 34.00 | 166.00 | 200.00 | OK | |
r-oldrel-macos-arm64 | 3.0.3 | 85.00 | OK | |||
r-oldrel-macos-x86_64 | 3.0.3 | 172.00 | OK | |||
r-oldrel-windows-x86_64 | 3.0.3 | 43.00 | 205.00 | 248.00 | OK |
Version: 3.0.3
Check: Rd cross-references
Result: NOTE
Found the following Rd file(s) with Rd \link{} targets missing package
anchors:
descGetMissing.Rd: txtInt
describeFactors.Rd: txtInt
describeMean.Rd: txtInt
describeMedian.Rd: txtInt
describeProp.Rd: txtInt
mergeDesc.Rd: htmlTable
Please provide package anchors for all Rd \link{} targets not in the
package itself and the base packages.
Flavors: r-devel-linux-x86_64-debian-clang, r-devel-linux-x86_64-debian-gcc, r-devel-windows-x86_64