Last updated on 2025-02-21 02:52:12 CET.
Flavor | Version | Tinstall | Tcheck | Ttotal | Status | Flags |
---|---|---|---|---|---|---|
r-devel-linux-x86_64-debian-clang | 1.5.6.1 | 24.10 | 87.86 | 111.96 | NOTE | |
r-devel-linux-x86_64-debian-gcc | 1.5.6.1 | 15.63 | 60.14 | 75.77 | NOTE | |
r-devel-linux-x86_64-fedora-clang | 1.5.6.1 | 182.56 | NOTE | |||
r-devel-linux-x86_64-fedora-gcc | 1.5.6.1 | 171.86 | NOTE | |||
r-devel-macos-arm64 | 1.5.6.1 | 53.00 | NOTE | |||
r-devel-macos-x86_64 | 1.5.6.1 | 80.00 | NOTE | |||
r-devel-windows-x86_64 | 1.5.6.1 | 28.00 | 116.00 | 144.00 | NOTE | |
r-patched-linux-x86_64 | 1.5.6.1 | 24.18 | 78.55 | 102.73 | NOTE | |
r-release-linux-x86_64 | 1.5.6.1 | 22.37 | 79.07 | 101.44 | NOTE | |
r-release-macos-arm64 | 1.5.6.1 | 53.00 | NOTE | |||
r-release-macos-x86_64 | 1.5.6.1 | 94.00 | NOTE | |||
r-release-windows-x86_64 | 1.5.6.1 | 27.00 | 112.00 | 139.00 | NOTE | |
r-oldrel-macos-arm64 | 1.5.6.1 | 49.00 | OK | |||
r-oldrel-macos-x86_64 | 1.5.6.1 | 93.00 | OK | |||
r-oldrel-windows-x86_64 | 1.5.6.1 | 36.00 | 135.00 | 171.00 | OK |
Version: 1.5.6.1
Check: Rd files
Result: NOTE
checkRd: (-1) greedy_orthogonalization_curation.Rd:10: Lost braces; missing escapes or markup?
10 | \item{W}{A matrix in ${-1, 1}^{R x n}$ which have R allocation vectors for an experiment of sample size n.}
| ^
checkRd: (-1) greedy_orthogonalization_curation.Rd:10: Lost braces; missing escapes or markup?
10 | \item{W}{A matrix in ${-1, 1}^{R x n}$ which have R allocation vectors for an experiment of sample size n.}
| ^
checkRd: (-1) greedy_orthogonalization_curation2.Rd:10: Lost braces; missing escapes or markup?
10 | \item{W}{A matrix in ${-1, 1}^{R x n}$ which have R allocation vectors for an experiment of sample size n.}
| ^
checkRd: (-1) greedy_orthogonalization_curation2.Rd:10: Lost braces; missing escapes or markup?
10 | \item{W}{A matrix in ${-1, 1}^{R x n}$ which have R allocation vectors for an experiment of sample size n.}
| ^
checkRd: (-1) initBinaryMatchExperimentalDesignSearch.Rd:36: Lost braces; missing escapes or markup?
36 | a search through $1_{T}$ space for pairwise match designs based on the structure computed in the function \code{computeBinaryMatchStructure}.
| ^
checkRd: (-1) initGreedyExperimentalDesignObject.Rd:71: Lost braces; missing escapes or markup?
71 | a search through $1_{T}$ space for forced balance designs. For debugging, you can use set the \code{seed}
| ^
checkRd: (-1) initGreedyMultipleKernelExperimentalDesignObject.Rd:82: Lost braces; missing escapes or markup?
82 | a search through $1_{T}$ space for forced balance designs. For debugging, you can use set the \code{seed}
| ^
checkRd: (-1) initKarpExperimentalDesignObject.Rd:31: Lost braces; missing escapes or markup?
31 | a search through $1_{T}$ space. Note that the Karp search only works
| ^
checkRd: (-1) initOptimalExperimentalDesignObject.Rd:39: Lost braces; missing escapes or markup?
39 | a search through $1_{T}$ space. Since this search takes exponential time, for most machines,
| ^
checkRd: (-1) initRerandomizationExperimentalDesignObject.Rd:53: Lost braces; missing escapes or markup?
53 | a search through $1_{T}$ space for forced-balance designs. For debugging, you can use set the \code{seed}
| ^
Flavors: r-devel-linux-x86_64-debian-clang, r-devel-linux-x86_64-debian-gcc, r-devel-linux-x86_64-fedora-clang, r-devel-linux-x86_64-fedora-gcc, r-devel-macos-arm64, r-devel-macos-x86_64, r-devel-windows-x86_64, r-patched-linux-x86_64, r-release-linux-x86_64, r-release-macos-arm64, r-release-macos-x86_64, r-release-windows-x86_64