Last updated on 2025-02-18 02:50:37 CET.
Flavor | Version | Tinstall | Tcheck | Ttotal | Status | Flags |
---|---|---|---|---|---|---|
r-devel-linux-x86_64-debian-clang | 1.0.0 | 14.84 | 146.99 | 161.83 | OK | |
r-devel-linux-x86_64-debian-gcc | 1.0.0 | 13.54 | 101.86 | 115.40 | OK | |
r-devel-linux-x86_64-fedora-clang | 1.0.0 | 260.29 | OK | |||
r-devel-linux-x86_64-fedora-gcc | 1.0.0 | 244.01 | OK | |||
r-devel-macos-arm64 | 1.0.0 | 5.00 | ERROR | |||
r-devel-macos-x86_64 | 1.0.0 | 6.00 | ERROR | |||
r-devel-windows-x86_64 | 1.0.0 | 17.00 | 131.00 | 148.00 | OK | |
r-patched-linux-x86_64 | 1.0.0 | 17.21 | 132.05 | 149.26 | OK | |
r-release-linux-x86_64 | 1.0.0 | 15.90 | 133.77 | 149.67 | OK | |
r-release-macos-arm64 | 1.0.0 | 10.00 | ERROR | |||
r-release-macos-x86_64 | 1.0.0 | 141.00 | OK | |||
r-release-windows-x86_64 | 1.0.0 | 17.00 | 125.00 | 142.00 | OK | |
r-oldrel-macos-arm64 | 1.0.0 | 74.00 | OK | |||
r-oldrel-macos-x86_64 | 1.0.0 | 11.00 | ERROR | |||
r-oldrel-windows-x86_64 | 1.0.0 | 25.00 | 167.00 | 192.00 | OK |
Version: 1.0.0
Check: package dependencies
Result: ERROR
Package required but not available: ‘org.Mm.eg.db’
See section ‘The DESCRIPTION file’ in the ‘Writing R Extensions’
manual.
Flavors: r-devel-macos-arm64, r-devel-macos-x86_64, r-release-macos-arm64, r-oldrel-macos-x86_64