Last updated on 2025-02-21 02:52:13 CET.
Flavor | Version | Tinstall | Tcheck | Ttotal | Status | Flags |
---|---|---|---|---|---|---|
r-devel-linux-x86_64-debian-clang | 1.8.3 | 1.69 | 81.10 | 82.79 | OK | |
r-devel-linux-x86_64-debian-gcc | 1.8.3 | 1.21 | 59.21 | 60.42 | OK | |
r-devel-linux-x86_64-fedora-clang | 1.8.3 | 127.38 | OK | |||
r-devel-linux-x86_64-fedora-gcc | 1.8.3 | 138.35 | OK | |||
r-devel-macos-arm64 | 1.8.3 | 46.00 | OK | |||
r-devel-macos-x86_64 | 1.8.3 | 87.00 | ERROR | |||
r-devel-windows-x86_64 | 1.8.3 | 3.00 | 114.00 | 117.00 | OK | |
r-patched-linux-x86_64 | 1.8.3 | 1.26 | 79.38 | 80.64 | OK | |
r-release-linux-x86_64 | 1.8.3 | 1.30 | 80.19 | 81.49 | OK | |
r-release-macos-arm64 | 1.8.3 | 41.00 | OK | |||
r-release-macos-x86_64 | 1.8.3 | 66.00 | OK | |||
r-release-windows-x86_64 | 1.8.3 | 3.00 | 100.00 | 103.00 | OK | |
r-oldrel-macos-arm64 | 1.8.3 | 64.00 | OK | |||
r-oldrel-macos-x86_64 | 1.8.3 | 148.00 | OK | |||
r-oldrel-windows-x86_64 | 1.8.3 | 3.00 | 122.00 | 125.00 | OK |
Version: 1.8.3
Check: re-building of vignette outputs
Result: ERROR
Error(s) in re-building vignettes:
--- re-building ‘MultiSpat.Rmd’ using rmarkdown
Quitting from lines 41-47 [unnamed-chunk-1] (MultiSpat.Rmd)
Error: processing vignette 'MultiSpat.Rmd' failed with diagnostics:
there is no package called 'adespatial'
--- failed re-building ‘MultiSpat.Rmd’
--- re-building ‘guerry-multivariate.Rmd’ using rmarkdown
--- finished re-building ‘guerry-multivariate.Rmd’
SUMMARY: processing the following file failed:
‘MultiSpat.Rmd’
Error: Vignette re-building failed.
Execution halted
Flavor: r-devel-macos-x86_64