Last updated on 2025-02-20 14:50:54 CET.
Flavor | Version | Tinstall | Tcheck | Ttotal | Status | Flags |
---|---|---|---|---|---|---|
r-devel-linux-x86_64-debian-clang | 0.1.3 | 29.41 | 103.60 | 133.01 | OK | |
r-devel-linux-x86_64-debian-gcc | 0.1.3 | 22.48 | 78.81 | 101.29 | OK | |
r-devel-linux-x86_64-fedora-clang | 0.1.3 | 212.00 | OK | |||
r-devel-linux-x86_64-fedora-gcc | 0.1.3 | 206.61 | OK | |||
r-devel-macos-arm64 | 0.1.3 | 55.00 | OK | |||
r-devel-macos-x86_64 | 0.1.3 | 110.00 | OK | |||
r-devel-windows-x86_64 | 0.1.3 | 23.00 | 99.00 | 122.00 | OK | |
r-patched-linux-x86_64 | 0.1.3 | 26.62 | 100.89 | 127.51 | OK | |
r-release-linux-x86_64 | 0.1.3 | 28.99 | 100.82 | 129.81 | OK | |
r-release-macos-arm64 | 0.1.3 | 55.00 | NOTE | |||
r-release-macos-x86_64 | 0.1.3 | 128.00 | NOTE | |||
r-release-windows-x86_64 | 0.1.3 | 22.00 | 106.00 | 128.00 | NOTE | |
r-oldrel-macos-arm64 | 0.1.3 | 44.00 | NOTE | |||
r-oldrel-macos-x86_64 | 0.1.3 | 68.00 | NOTE | |||
r-oldrel-windows-x86_64 | 0.1.3 | 30.00 | 117.00 | 147.00 | NOTE |
Version: 0.1.3
Check: installed package size
Result: NOTE
installed size is 7.4Mb
sub-directories of 1Mb or more:
data 7.3Mb
Flavors: r-release-macos-arm64, r-release-macos-x86_64, r-release-windows-x86_64, r-oldrel-macos-arm64, r-oldrel-macos-x86_64, r-oldrel-windows-x86_64