Last updated on 2025-02-21 02:52:13 CET.
Flavor | Version | Tinstall | Tcheck | Ttotal | Status | Flags |
---|---|---|---|---|---|---|
r-devel-linux-x86_64-debian-clang | 0.1.1 | 6.42 | 64.23 | 70.65 | OK | |
r-devel-linux-x86_64-debian-gcc | 0.1.1 | 5.39 | 47.53 | 52.92 | OK | |
r-devel-linux-x86_64-fedora-clang | 0.1.1 | 115.82 | OK | |||
r-devel-linux-x86_64-fedora-gcc | 0.1.1 | 106.01 | OK | |||
r-devel-macos-arm64 | 0.1.1 | 36.00 | OK | |||
r-devel-macos-x86_64 | 0.1.1 | 66.00 | OK | |||
r-devel-windows-x86_64 | 0.1.1 | 8.00 | 84.00 | 92.00 | OK | |
r-patched-linux-x86_64 | 0.1.1 | 7.02 | 61.28 | 68.30 | NOTE | |
r-release-linux-x86_64 | 0.1.1 | 6.93 | 61.30 | 68.23 | NOTE | |
r-release-macos-arm64 | 0.1.1 | 35.00 | NOTE | |||
r-release-macos-x86_64 | 0.1.1 | 51.00 | NOTE | |||
r-release-windows-x86_64 | 0.1.1 | 8.00 | 82.00 | 90.00 | NOTE | |
r-oldrel-macos-arm64 | 0.1.1 | 40.00 | NOTE | |||
r-oldrel-macos-x86_64 | 0.1.1 | 58.00 | NOTE | |||
r-oldrel-windows-x86_64 | 0.1.1 | 10.00 | 97.00 | 107.00 | NOTE |
Version: 0.1.1
Check: LazyData
Result: NOTE
'LazyData' is specified without a 'data' directory
Flavors: r-patched-linux-x86_64, r-release-linux-x86_64, r-release-macos-arm64, r-release-macos-x86_64, r-release-windows-x86_64, r-oldrel-macos-arm64, r-oldrel-macos-x86_64, r-oldrel-windows-x86_64