Last updated on 2025-02-21 02:52:13 CET.
Flavor | Version | Tinstall | Tcheck | Ttotal | Status | Flags |
---|---|---|---|---|---|---|
r-devel-linux-x86_64-debian-clang | 1.1.4 | 7.18 | 62.20 | 69.38 | NOTE | |
r-devel-linux-x86_64-debian-gcc | 1.1.4 | 5.49 | 46.19 | 51.68 | NOTE | |
r-devel-linux-x86_64-fedora-clang | 1.1.4 | 111.66 | NOTE | |||
r-devel-linux-x86_64-fedora-gcc | 1.1.4 | 116.69 | NOTE | |||
r-devel-macos-arm64 | 1.1.4 | 43.00 | NOTE | |||
r-devel-macos-x86_64 | 1.1.4 | 83.00 | NOTE | |||
r-devel-windows-x86_64 | 1.1.4 | 9.00 | 101.00 | 110.00 | NOTE | |
r-patched-linux-x86_64 | 1.1.4 | 6.82 | 57.54 | 64.36 | NOTE | |
r-release-linux-x86_64 | 1.1.4 | 7.41 | 58.46 | 65.87 | NOTE | |
r-release-macos-arm64 | 1.1.4 | 50.00 | NOTE | |||
r-release-macos-x86_64 | 1.1.4 | 89.00 | NOTE | |||
r-release-windows-x86_64 | 1.1.4 | 10.00 | 101.00 | 111.00 | NOTE | |
r-oldrel-macos-arm64 | 1.1.4 | 44.00 | OK | |||
r-oldrel-macos-x86_64 | 1.1.4 | 68.00 | OK | |||
r-oldrel-windows-x86_64 | 1.1.4 | 11.00 | 104.00 | 115.00 | OK |
Version: 1.1.4
Check: Rd files
Result: NOTE
checkRd: (-1) phenowheat.Rd:18: Lost braces in \enumerate; meant \describe ?
checkRd: (-1) phenowheat.Rd:19: Lost braces in \enumerate; meant \describe ?
Flavors: r-devel-linux-x86_64-debian-clang, r-devel-linux-x86_64-debian-gcc, r-devel-linux-x86_64-fedora-clang, r-devel-linux-x86_64-fedora-gcc, r-devel-macos-arm64, r-devel-macos-x86_64, r-devel-windows-x86_64, r-patched-linux-x86_64, r-release-linux-x86_64, r-release-macos-arm64, r-release-macos-x86_64, r-release-windows-x86_64