Last updated on 2025-02-20 14:50:54 CET.
Flavor | Version | Tinstall | Tcheck | Ttotal | Status | Flags |
---|---|---|---|---|---|---|
r-devel-linux-x86_64-debian-clang | 0.0.1 | 47.69 | 27.19 | 74.88 | OK | |
r-devel-linux-x86_64-debian-gcc | 0.0.1 | 36.23 | 25.55 | 61.78 | OK | |
r-devel-linux-x86_64-fedora-clang | 0.0.1 | 132.88 | OK | |||
r-devel-linux-x86_64-fedora-gcc | 0.0.1 | 142.30 | OK | |||
r-devel-macos-arm64 | 0.0.1 | 40.00 | OK | |||
r-devel-macos-x86_64 | 0.0.1 | 75.00 | OK | |||
r-devel-windows-x86_64 | 0.0.1 | 47.00 | 81.00 | 128.00 | OK | |
r-patched-linux-x86_64 | 0.0.1 | 48.63 | 31.12 | 79.75 | OK | |
r-release-linux-x86_64 | 0.0.1 | 50.43 | 31.14 | 81.57 | OK | |
r-release-macos-arm64 | 0.0.1 | 41.00 | NOTE | |||
r-release-macos-x86_64 | 0.0.1 | 44.00 | NOTE | |||
r-release-windows-x86_64 | 0.0.1 | 46.00 | 78.00 | 124.00 | OK | |
r-oldrel-macos-arm64 | 0.0.1 | 38.00 | NOTE | |||
r-oldrel-macos-x86_64 | 0.0.1 | 60.00 | NOTE | |||
r-oldrel-windows-x86_64 | 0.0.1 | 60.00 | 98.00 | 158.00 | OK |
Version: 0.0.1
Check: installed package size
Result: NOTE
installed size is 17.0Mb
sub-directories of 1Mb or more:
libs 16.9Mb
Flavors: r-release-macos-arm64, r-release-macos-x86_64, r-oldrel-macos-arm64, r-oldrel-macos-x86_64