Last updated on 2025-05-08 02:50:58 CEST.
Flavor | Version | Tinstall | Tcheck | Ttotal | Status | Flags |
---|---|---|---|---|---|---|
r-devel-linux-x86_64-debian-clang | 2.0.1 | 12.43 | 100.91 | 113.34 | NOTE | |
r-devel-linux-x86_64-debian-gcc | 2.0.1 | 8.84 | 71.47 | 80.31 | NOTE | |
r-devel-linux-x86_64-fedora-clang | 2.0.1 | 163.60 | OK | |||
r-devel-linux-x86_64-fedora-gcc | 2.0.1 | 179.32 | OK | |||
r-devel-windows-x86_64 | 2.0.1 | 14.00 | 124.00 | 138.00 | OK | |
r-patched-linux-x86_64 | 2.0.1 | 12.02 | 92.88 | 104.90 | OK | |
r-release-linux-x86_64 | 2.0.1 | 11.53 | 94.04 | 105.57 | OK | |
r-release-macos-arm64 | 2.0.1 | 62.00 | OK | |||
r-release-macos-x86_64 | 2.0.1 | 99.00 | OK | |||
r-release-windows-x86_64 | 2.0.1 | 12.00 | 123.00 | 135.00 | OK | |
r-oldrel-macos-arm64 | 2.0.1 | 51.00 | OK | |||
r-oldrel-macos-x86_64 | 2.0.1 | 80.00 | OK | |||
r-oldrel-windows-x86_64 | 2.0.1 | 17.00 | 149.00 | 166.00 | OK |
Version: 2.0.1
Check: CRAN incoming feasibility
Result: NOTE
Maintainer: ‘Berkley Shands <rpackages@biorankings.com>’
No Authors@R field in DESCRIPTION.
Please add one, modifying
Authors@R: c(person(given = c("Patricio", "S."),
family = "La Rosa",
role = "aut"),
person(given = "Elena",
family = "Deych",
role = "aut"),
person(given = "Sharina",
family = "Carter",
role = "aut"),
person(given = "Berkley",
family = "Shands",
role = c("aut", "cre"),
email = "rpackages@biorankings.com"),
person(given = "Dake",
family = "Yang",
role = "aut"),
person(given = c("William", "D."),
family = "Shannon",
role = "aut"))
as necessary.
Flavors: r-devel-linux-x86_64-debian-clang, r-devel-linux-x86_64-debian-gcc