Last updated on 2024-05-09 14:49:58 CEST.
Flavor | Version | Tinstall | Tcheck | Ttotal | Status | Flags |
---|---|---|---|---|---|---|
r-devel-linux-x86_64-debian-clang | 1.0-5 | 18.16 | 54.99 | 73.15 | OK | |
r-devel-linux-x86_64-debian-gcc | 1.0-5 | 14.55 | 41.28 | 55.83 | OK | |
r-devel-linux-x86_64-fedora-clang | 1.0-5 | 88.82 | NOTE | |||
r-devel-linux-x86_64-fedora-gcc | 1.0-5 | 85.59 | OK | |||
r-devel-windows-x86_64 | 1.0-5 | 15.00 | 69.00 | 84.00 | NOTE | |
r-patched-linux-x86_64 | 1.0-5 | 18.15 | 51.95 | 70.10 | OK | |
r-release-linux-x86_64 | 1.0-5 | 15.10 | 52.20 | 67.30 | OK | |
r-release-macos-arm64 | 1.0-5 | 34.00 | NOTE | |||
r-release-windows-x86_64 | 1.0-5 | 15.00 | 68.00 | 83.00 | NOTE | |
r-oldrel-macos-arm64 | 1.0-5 | 38.00 | NOTE | |||
r-oldrel-macos-x86_64 | 1.0-5 | 58.00 | NOTE | |||
r-oldrel-windows-x86_64 | 1.0-5 | 18.00 | 75.00 | 93.00 | NOTE |
Version: 1.0-5
Check: installed package size
Result: NOTE
installed size is 7.6Mb
sub-directories of 1Mb or more:
data 7.1Mb
Flavors: r-devel-linux-x86_64-fedora-clang, r-devel-windows-x86_64, r-release-macos-arm64, r-release-windows-x86_64, r-oldrel-macos-arm64, r-oldrel-macos-x86_64, r-oldrel-windows-x86_64