Last updated on 2025-02-21 02:52:13 CET.
Flavor | Version | Tinstall | Tcheck | Ttotal | Status | Flags |
---|---|---|---|---|---|---|
r-devel-linux-x86_64-debian-clang | 0.6.0 | 98.83 | 73.32 | 172.15 | OK | |
r-devel-linux-x86_64-debian-gcc | 0.6.0 | 74.55 | 52.68 | 127.23 | OK | |
r-devel-linux-x86_64-fedora-clang | 0.6.0 | 315.07 | OK | |||
r-devel-linux-x86_64-fedora-gcc | 0.6.0 | 339.18 | OK | |||
r-devel-macos-arm64 | 0.6.0 | 78.00 | OK | |||
r-devel-macos-x86_64 | 0.6.0 | 121.00 | OK | |||
r-devel-windows-x86_64 | 0.6.0 | 102.00 | 106.00 | 208.00 | OK | |
r-patched-linux-x86_64 | 0.6.0 | 107.15 | 68.91 | 176.06 | OK | |
r-release-linux-x86_64 | 0.6.0 | 107.71 | 68.56 | 176.27 | OK | |
r-release-macos-arm64 | 0.6.0 | 79.00 | NOTE | |||
r-release-macos-x86_64 | 0.6.0 | 120.00 | NOTE | |||
r-release-windows-x86_64 | 0.6.0 | 104.00 | 103.00 | 207.00 | OK | |
r-oldrel-macos-arm64 | 0.6.0 | 84.00 | NOTE | |||
r-oldrel-macos-x86_64 | 0.6.0 | 119.00 | NOTE | |||
r-oldrel-windows-x86_64 | 0.6.0 | 124.00 | 150.00 | 274.00 | OK |
Version: 0.6.0
Check: installed package size
Result: NOTE
installed size is 7.9Mb
sub-directories of 1Mb or more:
libs 7.4Mb
Flavors: r-release-macos-arm64, r-release-macos-x86_64, r-oldrel-macos-arm64, r-oldrel-macos-x86_64