Last updated on 2024-05-21 14:57:13 CEST.
Flavor | Version | Tinstall | Tcheck | Ttotal | Status | Flags |
---|---|---|---|---|---|---|
r-devel-linux-x86_64-debian-clang | 0.1 | 8.43 | 72.17 | 80.60 | NOTE | |
r-devel-linux-x86_64-debian-gcc | 0.1 | 6.64 | 55.30 | 61.94 | NOTE | |
r-devel-linux-x86_64-fedora-clang | 0.1 | 99.58 | NOTE | |||
r-devel-linux-x86_64-fedora-gcc | 0.1 | 94.99 | NOTE | |||
r-devel-windows-x86_64 | 0.1 | 7.00 | 74.00 | 81.00 | NOTE | |
r-patched-linux-x86_64 | 0.1 | 11.69 | 70.56 | 82.25 | NOTE | |
r-release-linux-x86_64 | 0.1 | 6.58 | 71.10 | 77.68 | NOTE | |
r-release-macos-arm64 | 0.1 | 31.00 | NOTE | |||
r-release-windows-x86_64 | 0.1 | 9.00 | 74.00 | 83.00 | NOTE | |
r-oldrel-macos-arm64 | 0.1 | 36.00 | NOTE | |||
r-oldrel-macos-x86_64 | 0.1 | 53.00 | NOTE | |||
r-oldrel-windows-x86_64 | 0.1 | 10.00 | 86.00 | 96.00 | NOTE |
Version: 0.1
Check: LazyData
Result: NOTE
'LazyData' is specified without a 'data' directory
Flavors: r-devel-linux-x86_64-debian-clang, r-devel-linux-x86_64-debian-gcc, r-devel-linux-x86_64-fedora-clang, r-devel-linux-x86_64-fedora-gcc, r-devel-windows-x86_64, r-patched-linux-x86_64, r-release-linux-x86_64, r-release-macos-arm64, r-release-windows-x86_64, r-oldrel-macos-arm64, r-oldrel-macos-x86_64, r-oldrel-windows-x86_64