Last updated on 2025-02-20 14:50:55 CET.
Flavor | Version | Tinstall | Tcheck | Ttotal | Status | Flags |
---|---|---|---|---|---|---|
r-devel-linux-x86_64-debian-clang | 1.0.8 | 61.45 | 127.52 | 188.97 | OK | |
r-devel-linux-x86_64-debian-gcc | 1.0.8 | 38.76 | 83.58 | 122.34 | OK | |
r-devel-linux-x86_64-fedora-clang | 1.0.8 | 312.60 | OK | |||
r-devel-linux-x86_64-fedora-gcc | 1.0.8 | 282.61 | OK | |||
r-devel-macos-arm64 | 1.0.8 | 84.00 | OK | |||
r-devel-macos-x86_64 | 1.0.8 | 139.00 | OK | |||
r-devel-windows-x86_64 | 1.0.8 | 55.00 | 165.00 | 220.00 | OK | |
r-patched-linux-x86_64 | 1.0.8 | 51.83 | 114.16 | 165.99 | OK | |
r-release-linux-x86_64 | 1.0.8 | 49.03 | 114.79 | 163.82 | OK | |
r-release-macos-arm64 | 1.0.8 | 72.00 | NOTE | |||
r-release-macos-x86_64 | 1.0.8 | 108.00 | NOTE | |||
r-release-windows-x86_64 | 1.0.8 | 53.00 | 165.00 | 218.00 | OK | |
r-oldrel-macos-arm64 | 1.0.8 | 81.00 | NOTE | |||
r-oldrel-macos-x86_64 | 1.0.8 | 176.00 | NOTE | |||
r-oldrel-windows-x86_64 | 1.0.8 | 70.00 | 207.00 | 277.00 | OK |
Version: 1.0.8
Check: installed package size
Result: NOTE
installed size is 6.9Mb
sub-directories of 1Mb or more:
data 1.0Mb
libs 4.9Mb
Flavors: r-release-macos-arm64, r-release-macos-x86_64, r-oldrel-macos-arm64, r-oldrel-macos-x86_64