CRAN Package Check Results for Package Hmsc

Last updated on 2025-05-10 14:52:22 CEST.

Flavor Version Tinstall Tcheck Ttotal Status Flags
r-devel-linux-x86_64-debian-clang 3.0-13 22.47 167.75 190.22 NOTE
r-devel-linux-x86_64-debian-gcc 3.0-13 15.01 114.88 129.89 NOTE
r-devel-linux-x86_64-fedora-clang 3.0-13 291.28 NOTE
r-devel-linux-x86_64-fedora-gcc 3.0-13 296.42 NOTE
r-devel-windows-x86_64 3.0-13 22.00 154.00 176.00 NOTE
r-patched-linux-x86_64 3.0-13 23.92 158.88 182.80 NOTE
r-release-linux-x86_64 3.0-13 21.88 155.24 177.12 NOTE
r-release-macos-arm64 3.0-13 86.00 NOTE
r-release-macos-x86_64 3.0-13 148.00 NOTE
r-release-windows-x86_64 3.0-13 22.00 151.00 173.00 NOTE
r-oldrel-macos-arm64 3.0-13 73.00 NOTE
r-oldrel-macos-x86_64 3.0-13 118.00 NOTE
r-oldrel-windows-x86_64 3.0-13 31.00 200.00 231.00 NOTE

Check Details

Version: 3.0-13
Check: Rd files
Result: NOTE checkRd: (-1) sampleMcmc.Rd:93: Lost braces; missing escapes or markup? 93 | disable some of them, by adding a \code{$UPDATER_NAME=FALSE} pair to the {updater} argument. Another usage of | ^ Flavors: r-devel-linux-x86_64-debian-clang, r-devel-linux-x86_64-debian-gcc, r-devel-linux-x86_64-fedora-clang, r-devel-linux-x86_64-fedora-gcc, r-devel-windows-x86_64, r-patched-linux-x86_64, r-release-linux-x86_64, r-release-macos-arm64, r-release-macos-x86_64, r-release-windows-x86_64, r-oldrel-macos-arm64, r-oldrel-macos-x86_64, r-oldrel-windows-x86_64

Version: 3.0-13
Check: Rd cross-references
Result: NOTE Found the following Rd file(s) with Rd \link{} targets missing package anchors: plotBeta.Rd: image.plot plotGamma.Rd: image.plot Please provide package anchors for all Rd \link{} targets not in the package itself and the base packages. Flavors: r-devel-linux-x86_64-debian-clang, r-devel-linux-x86_64-debian-gcc, r-devel-windows-x86_64, r-patched-linux-x86_64, r-release-linux-x86_64, r-release-windows-x86_64