Last updated on 2025-02-18 02:50:38 CET.
Flavor | Version | Tinstall | Tcheck | Ttotal | Status | Flags |
---|---|---|---|---|---|---|
r-devel-linux-x86_64-debian-clang | 0.2.4 | 30.57 | 132.97 | 163.54 | OK | |
r-devel-linux-x86_64-debian-gcc | 0.2.4 | 19.15 | 91.08 | 110.23 | OK | |
r-devel-linux-x86_64-fedora-clang | 0.2.4 | 269.99 | NOTE | |||
r-devel-linux-x86_64-fedora-gcc | 0.2.4 | 244.24 | NOTE | |||
r-devel-macos-arm64 | 0.2.4 | 69.00 | OK | |||
r-devel-macos-x86_64 | 0.2.4 | 119.00 | OK | |||
r-devel-windows-x86_64 | 0.2.4 | 29.00 | 132.00 | 161.00 | OK | |
r-patched-linux-x86_64 | 0.2.4 | 26.37 | 120.60 | 146.97 | OK | |
r-release-linux-x86_64 | 0.2.4 | 28.13 | 119.65 | 147.78 | OK | |
r-release-macos-arm64 | 0.2.4 | 63.00 | OK | |||
r-release-macos-x86_64 | 0.2.4 | 94.00 | OK | |||
r-release-windows-x86_64 | 0.2.4 | 30.00 | 138.00 | 168.00 | OK | |
r-oldrel-macos-arm64 | 0.2.4 | 71.00 | OK | |||
r-oldrel-macos-x86_64 | 0.2.4 | 115.00 | OK | |||
r-oldrel-windows-x86_64 | 0.2.4 | 40.00 | 177.00 | 217.00 | OK |
Version: 0.2.4
Check: compiled code
Result: NOTE
File ‘IFP/libs/IFP.so’:
Found no calls to: ‘R_registerRoutines’, ‘R_useDynamicSymbols’
It is good practice to register native routines and to disable symbol
search.
See ‘Writing portable packages’ in the ‘Writing R Extensions’ manual.
Flavors: r-devel-linux-x86_64-fedora-clang, r-devel-linux-x86_64-fedora-gcc