Last updated on 2025-02-21 02:52:13 CET.
Flavor | Version | Tinstall | Tcheck | Ttotal | Status | Flags |
---|---|---|---|---|---|---|
r-devel-linux-x86_64-debian-clang | 0.2.0 | 2.19 | 52.20 | 54.39 | OK | |
r-devel-linux-x86_64-debian-gcc | 0.2.0 | 1.63 | 37.15 | 38.78 | OK | |
r-devel-linux-x86_64-fedora-clang | 0.2.0 | 94.37 | OK | |||
r-devel-linux-x86_64-fedora-gcc | 0.2.0 | 88.38 | OK | |||
r-devel-macos-arm64 | 0.2.0 | 40.00 | OK | |||
r-devel-macos-x86_64 | 0.2.0 | 69.00 | OK | |||
r-devel-windows-x86_64 | 0.2.0 | 4.00 | 73.00 | 77.00 | OK | |
r-patched-linux-x86_64 | 0.2.0 | 1.97 | 49.15 | 51.12 | NOTE | |
r-release-linux-x86_64 | 0.2.0 | 1.79 | 47.92 | 49.71 | NOTE | |
r-release-macos-arm64 | 0.2.0 | 37.00 | NOTE | |||
r-release-macos-x86_64 | 0.2.0 | 43.00 | NOTE | |||
r-release-windows-x86_64 | 0.2.0 | 4.00 | 70.00 | 74.00 | NOTE | |
r-oldrel-macos-arm64 | 0.2.0 | 38.00 | NOTE | |||
r-oldrel-macos-x86_64 | 0.2.0 | 64.00 | NOTE | |||
r-oldrel-windows-x86_64 | 0.2.0 | 4.00 | 78.00 | 82.00 | NOTE |
Version: 0.2.0
Check: LazyData
Result: NOTE
'LazyData' is specified without a 'data' directory
Flavors: r-patched-linux-x86_64, r-release-linux-x86_64, r-release-macos-arm64, r-release-macos-x86_64, r-release-windows-x86_64, r-oldrel-macos-arm64, r-oldrel-macos-x86_64, r-oldrel-windows-x86_64