CRAN Package Check Results for Package IMmailgun

Last updated on 2025-02-18 02:50:38 CET.

Flavor Version Tinstall Tcheck Ttotal Status Flags
r-devel-linux-x86_64-debian-clang 0.1.2 2.38 15.81 18.19 OK
r-devel-linux-x86_64-debian-gcc 0.1.2 1.67 13.45 15.12 OK
r-devel-linux-x86_64-fedora-clang 0.1.2 30.47 OK
r-devel-linux-x86_64-fedora-gcc 0.1.2 28.31 OK
r-devel-macos-arm64 0.1.2 15.00 OK
r-devel-macos-x86_64 0.1.2 23.00 OK
r-devel-windows-x86_64 0.1.2 3.00 45.00 48.00 OK
r-patched-linux-x86_64 0.1.2 2.07 15.14 17.21 NOTE
r-release-linux-x86_64 0.1.2 2.28 15.16 17.44 NOTE
r-release-macos-arm64 0.1.2 15.00 NOTE
r-release-macos-x86_64 0.1.2 19.00 NOTE
r-release-windows-x86_64 0.1.2 4.00 38.00 42.00 NOTE
r-oldrel-macos-arm64 0.1.2 23.00 NOTE
r-oldrel-macos-x86_64 0.1.2 17.00 NOTE
r-oldrel-windows-x86_64 0.1.2 4.00 62.00 66.00 NOTE

Check Details

Version: 0.1.2
Check: LazyData
Result: NOTE 'LazyData' is specified without a 'data' directory Flavors: r-patched-linux-x86_64, r-release-linux-x86_64, r-release-macos-arm64, r-release-macos-x86_64, r-release-windows-x86_64, r-oldrel-macos-arm64, r-oldrel-macos-x86_64, r-oldrel-windows-x86_64