Last updated on 2025-02-20 14:50:55 CET.
Flavor | Version | Tinstall | Tcheck | Ttotal | Status | Flags |
---|---|---|---|---|---|---|
r-devel-linux-x86_64-debian-clang | 0.1.10 | 13.68 | 94.19 | 107.87 | OK | |
r-devel-linux-x86_64-debian-gcc | 0.1.10 | 9.85 | 68.15 | 78.00 | OK | |
r-devel-linux-x86_64-fedora-clang | 0.1.10 | 178.42 | NOTE | |||
r-devel-linux-x86_64-fedora-gcc | 0.1.10 | 183.78 | NOTE | |||
r-devel-macos-arm64 | 0.1.10 | 56.00 | OK | |||
r-devel-macos-x86_64 | 0.1.10 | 115.00 | OK | |||
r-devel-windows-x86_64 | 0.1.10 | 17.00 | 101.00 | 118.00 | OK | |
r-patched-linux-x86_64 | 0.1.10 | 12.19 | 88.39 | 100.58 | NOTE | |
r-release-linux-x86_64 | 0.1.10 | 11.08 | 87.62 | 98.70 | NOTE | |
r-release-macos-arm64 | 0.1.10 | 57.00 | NOTE | |||
r-release-macos-x86_64 | 0.1.10 | 94.00 | NOTE | |||
r-release-windows-x86_64 | 0.1.10 | 17.00 | 99.00 | 116.00 | OK | |
r-oldrel-macos-arm64 | 0.1.10 | 59.00 | NOTE | |||
r-oldrel-macos-x86_64 | 0.1.10 | 95.00 | NOTE | |||
r-oldrel-windows-x86_64 | 0.1.10 | 20.00 | 123.00 | 143.00 | NOTE |
Version: 0.1.10
Check: compiled code
Result: NOTE
File ‘INLAspacetime/libs/INLAspacetime.so’:
Found no calls to: ‘R_registerRoutines’, ‘R_useDynamicSymbols’
It is good practice to register native routines and to disable symbol
search.
See ‘Writing portable packages’ in the ‘Writing R Extensions’ manual.
Flavors: r-devel-linux-x86_64-fedora-clang, r-devel-linux-x86_64-fedora-gcc
Version: 0.1.10
Check: package dependencies
Result: NOTE
Package suggested but not available for checking: ‘INLA’
Flavors: r-patched-linux-x86_64, r-release-linux-x86_64, r-release-macos-arm64, r-release-macos-x86_64, r-oldrel-macos-arm64, r-oldrel-macos-x86_64, r-oldrel-windows-x86_64