Last updated on 2025-02-20 14:50:55 CET.
Flavor | Version | Tinstall | Tcheck | Ttotal | Status | Flags |
---|---|---|---|---|---|---|
r-devel-linux-x86_64-debian-clang | 0.1.8.10 | 34.10 | 119.62 | 153.72 | OK | |
r-devel-linux-x86_64-debian-gcc | 0.1.8.10 | 25.49 | 77.00 | 102.49 | OK | |
r-devel-linux-x86_64-fedora-clang | 0.1.8.10 | 254.09 | OK | |||
r-devel-linux-x86_64-fedora-gcc | 0.1.8.10 | 234.53 | OK | |||
r-devel-macos-arm64 | 0.1.8.10 | 71.00 | OK | |||
r-devel-macos-x86_64 | 0.1.8.10 | 121.00 | OK | |||
r-devel-windows-x86_64 | 0.1.8.10 | 39.00 | 162.00 | 201.00 | OK | |
r-patched-linux-x86_64 | 0.1.8.10 | 35.66 | 108.83 | 144.49 | OK | |
r-release-linux-x86_64 | 0.1.8.10 | 36.26 | 108.18 | 144.44 | OK | |
r-release-macos-arm64 | 0.1.8.10 | 75.00 | NOTE | |||
r-release-macos-x86_64 | 0.1.8.10 | 108.00 | NOTE | |||
r-release-windows-x86_64 | 0.1.8.10 | 40.00 | 166.00 | 206.00 | OK | |
r-oldrel-macos-arm64 | 0.1.8.10 | 85.00 | NOTE | |||
r-oldrel-macos-x86_64 | 0.1.8.10 | 157.00 | NOTE | |||
r-oldrel-windows-x86_64 | 0.1.8.10 | 49.00 | 198.00 | 247.00 | OK |
Version: 0.1.8.10
Check: installed package size
Result: NOTE
installed size is 5.1Mb
sub-directories of 1Mb or more:
data 1.4Mb
libs 1.8Mb
shiny-server 1.0Mb
Flavors: r-release-macos-arm64, r-release-macos-x86_64, r-oldrel-macos-arm64, r-oldrel-macos-x86_64