Last updated on 2024-05-21 14:57:14 CEST.
Flavor | Version | Tinstall | Tcheck | Ttotal | Status | Flags |
---|---|---|---|---|---|---|
r-devel-linux-x86_64-debian-clang | 1.0 | 6.23 | 68.94 | 75.17 | NOTE | |
r-devel-linux-x86_64-debian-gcc | 1.0 | 5.90 | 52.00 | 57.90 | NOTE | |
r-devel-linux-x86_64-fedora-clang | 1.0 | 92.82 | NOTE | |||
r-devel-linux-x86_64-fedora-gcc | 1.0 | 88.06 | NOTE | |||
r-devel-windows-x86_64 | 1.0 | 7.00 | 68.00 | 75.00 | NOTE | |
r-patched-linux-x86_64 | 1.0 | 7.23 | 65.93 | 73.16 | NOTE | |
r-release-linux-x86_64 | 1.0 | 7.17 | 66.45 | 73.62 | NOTE | |
r-release-macos-arm64 | 1.0 | 30.00 | NOTE | |||
r-release-windows-x86_64 | 1.0 | 6.00 | 68.00 | 74.00 | NOTE | |
r-oldrel-macos-arm64 | 1.0 | 34.00 | NOTE | |||
r-oldrel-macos-x86_64 | 1.0 | 54.00 | NOTE | |||
r-oldrel-windows-x86_64 | 1.0 | 9.00 | 75.00 | 84.00 | NOTE |
Version: 1.0
Check: LazyData
Result: NOTE
'LazyData' is specified without a 'data' directory
Flavors: r-devel-linux-x86_64-debian-clang, r-devel-linux-x86_64-debian-gcc, r-devel-linux-x86_64-fedora-clang, r-devel-linux-x86_64-fedora-gcc, r-devel-windows-x86_64, r-patched-linux-x86_64, r-release-linux-x86_64, r-release-macos-arm64, r-release-windows-x86_64, r-oldrel-macos-arm64, r-oldrel-macos-x86_64, r-oldrel-windows-x86_64