Last updated on 2025-05-10 02:49:46 CEST.
Flavor | Version | Tinstall | Tcheck | Ttotal | Status | Flags |
---|---|---|---|---|---|---|
r-devel-linux-x86_64-debian-clang | 0.7.0 | 6.43 | 51.88 | 58.31 | NOTE | |
r-devel-linux-x86_64-debian-gcc | 0.7.0 | 3.74 | 36.82 | 40.56 | NOTE | |
r-devel-linux-x86_64-fedora-clang | 0.7.0 | 94.49 | OK | |||
r-devel-linux-x86_64-fedora-gcc | 0.7.0 | 92.22 | OK | |||
r-devel-windows-x86_64 | 0.7.0 | 7.00 | 74.00 | 81.00 | OK | |
r-patched-linux-x86_64 | 0.7.0 | 6.09 | 49.50 | 55.59 | OK | |
r-release-linux-x86_64 | 0.7.0 | 5.79 | 49.24 | 55.03 | OK | |
r-release-macos-arm64 | 0.7.0 | 29.00 | OK | |||
r-release-macos-x86_64 | 0.7.0 | 48.00 | OK | |||
r-release-windows-x86_64 | 0.7.0 | 7.00 | 74.00 | 81.00 | OK | |
r-oldrel-macos-arm64 | 0.7.0 | 26.00 | OK | |||
r-oldrel-macos-x86_64 | 0.7.0 | 40.00 | OK | |||
r-oldrel-windows-x86_64 | 0.7.0 | 9.00 | 86.00 | 95.00 | OK |
Version: 0.7.0
Check: CRAN incoming feasibility
Result: NOTE
Maintainer: ‘Matthew Smith <matt_smith.90@hotmail.co.uk>’
No Authors@R field in DESCRIPTION.
Please add one, modifying
Authors@R: person(given = "Matthew",
family = "Smith",
role = c("aut", "cre"),
email = "matt_smith.90@hotmail.co.uk")
as necessary.
Flavors: r-devel-linux-x86_64-debian-clang, r-devel-linux-x86_64-debian-gcc