Last updated on 2025-02-20 14:50:55 CET.
Flavor | Version | Tinstall | Tcheck | Ttotal | Status | Flags |
---|---|---|---|---|---|---|
r-devel-linux-x86_64-debian-clang | 1.0.0 | 7.54 | 1296.71 | 1304.25 | NOTE | |
r-devel-linux-x86_64-debian-gcc | 1.0.0 | 3.78 | 840.60 | 844.38 | NOTE | |
r-devel-linux-x86_64-fedora-clang | 1.0.0 | 2055.14 | NOTE | |||
r-devel-linux-x86_64-fedora-gcc | 1.0.0 | 1984.58 | NOTE | |||
r-devel-macos-arm64 | 1.0.0 | 406.00 | OK | |||
r-devel-macos-x86_64 | 1.0.0 | 900.00 | NOTE | |||
r-devel-windows-x86_64 | 1.0.0 | 9.00 | 748.00 | 757.00 | NOTE | |
r-patched-linux-x86_64 | 1.0.0 | 5.28 | 1221.23 | 1226.51 | OK | |
r-release-linux-x86_64 | 1.0.0 | 6.89 | 1211.77 | 1218.66 | OK | |
r-release-macos-arm64 | 1.0.0 | 326.00 | OK | |||
r-release-macos-x86_64 | 1.0.0 | 603.00 | OK | |||
r-release-windows-x86_64 | 1.0.0 | 8.00 | 741.00 | 749.00 | OK | |
r-oldrel-macos-arm64 | 1.0.0 | 386.00 | OK | |||
r-oldrel-macos-x86_64 | 1.0.0 | 830.00 | OK | |||
r-oldrel-windows-x86_64 | 1.0.0 | 11.00 | 1014.00 | 1025.00 | OK |
Version: 1.0.0
Check: DESCRIPTION meta-information
Result: NOTE
Missing dependency on R >= 4.1.0 because package code uses the pipe
|> or function shorthand \(...) syntax added in R 4.1.0.
File(s) using such syntax:
‘estimateIncidence.R’ ‘estimatePrevalence.R’
‘generateDenominatorCohortSet.R’ ‘plotting.R’ ‘tables.R’
‘tidyResults.R’
Flavors: r-devel-linux-x86_64-debian-clang, r-devel-linux-x86_64-debian-gcc, r-devel-linux-x86_64-fedora-clang, r-devel-linux-x86_64-fedora-gcc, r-devel-macos-x86_64, r-devel-windows-x86_64