CRAN Package Check Results for Package InvasionCorrection

Last updated on 2025-02-18 02:50:38 CET.

Flavor Version Tinstall Tcheck Ttotal Status Flags
r-devel-linux-x86_64-debian-clang 0.1 1.84 17.10 18.94 OK
r-devel-linux-x86_64-debian-gcc 0.1 1.39 13.98 15.37 OK
r-devel-linux-x86_64-fedora-clang 0.1 31.25 OK
r-devel-linux-x86_64-fedora-gcc 0.1 28.36 OK
r-devel-macos-arm64 0.1 15.00 OK
r-devel-macos-x86_64 0.1 24.00 OK
r-devel-windows-x86_64 0.1 3.00 39.00 42.00 OK
r-patched-linux-x86_64 0.1 1.60 16.27 17.87 NOTE
r-release-linux-x86_64 0.1 1.66 16.23 17.89 NOTE
r-release-macos-arm64 0.1 15.00 NOTE
r-release-macos-x86_64 0.1 21.00 NOTE
r-release-windows-x86_64 0.1 3.00 46.00 49.00 NOTE
r-oldrel-macos-arm64 0.1 18.00 NOTE
r-oldrel-macos-x86_64 0.1 19.00 NOTE
r-oldrel-windows-x86_64 0.1 3.00 36.00 39.00 NOTE

Check Details

Version: 0.1
Check: LazyData
Result: NOTE 'LazyData' is specified without a 'data' directory Flavors: r-patched-linux-x86_64, r-release-linux-x86_64, r-release-macos-arm64, r-release-macos-x86_64, r-release-windows-x86_64, r-oldrel-macos-arm64, r-oldrel-macos-x86_64, r-oldrel-windows-x86_64