Last updated on 2024-05-21 14:57:14 CEST.
Flavor | Version | Tinstall | Tcheck | Ttotal | Status | Flags |
---|---|---|---|---|---|---|
r-devel-linux-x86_64-debian-clang | 1.4 | 91.59 | 36.12 | 127.71 | NOTE | |
r-devel-linux-x86_64-debian-gcc | 1.4 | 62.10 | 26.77 | 88.87 | NOTE | |
r-devel-linux-x86_64-fedora-clang | 1.4 | 203.57 | NOTE | |||
r-devel-linux-x86_64-fedora-gcc | 1.4 | 192.64 | NOTE | |||
r-devel-windows-x86_64 | 1.4 | 77.00 | 78.00 | 155.00 | NOTE | |
r-patched-linux-x86_64 | 1.4 | 96.60 | 33.33 | 129.93 | NOTE | |
r-release-linux-x86_64 | 1.4 | 90.29 | 34.52 | 124.81 | NOTE | |
r-release-macos-arm64 | 1.4 | 39.00 | NOTE | |||
r-release-windows-x86_64 | 1.4 | 76.00 | 79.00 | 155.00 | NOTE | |
r-oldrel-macos-arm64 | 1.4 | 48.00 | NOTE | |||
r-oldrel-macos-x86_64 | 1.4 | 80.00 | NOTE | |||
r-oldrel-windows-x86_64 | 1.4 | 95.00 | 79.00 | 174.00 | NOTE |
Version: 1.4
Check: C++ specification
Result: NOTE
Specified C++11: please drop specification unless essential
Flavors: r-devel-linux-x86_64-debian-clang, r-devel-linux-x86_64-debian-gcc, r-devel-linux-x86_64-fedora-clang, r-devel-linux-x86_64-fedora-gcc, r-devel-windows-x86_64, r-patched-linux-x86_64, r-release-linux-x86_64, r-release-macos-arm64, r-release-windows-x86_64, r-oldrel-macos-arm64, r-oldrel-macos-x86_64, r-oldrel-windows-x86_64