Last updated on 2025-02-21 02:52:14 CET.
Flavor | Version | Tinstall | Tcheck | Ttotal | Status | Flags |
---|---|---|---|---|---|---|
r-devel-linux-x86_64-debian-clang | 2.0 | 9.02 | 123.60 | 132.62 | OK | |
r-devel-linux-x86_64-debian-gcc | 2.0 | 6.63 | 90.47 | 97.10 | OK | |
r-devel-linux-x86_64-fedora-clang | 2.0 | 208.38 | NOTE | |||
r-devel-linux-x86_64-fedora-gcc | 2.0 | 215.80 | NOTE | |||
r-devel-macos-arm64 | 2.0 | 67.00 | OK | |||
r-devel-macos-x86_64 | 2.0 | 132.00 | OK | |||
r-devel-windows-x86_64 | 2.0 | 10.00 | 186.00 | 196.00 | OK | |
r-patched-linux-x86_64 | 2.0 | 9.37 | 117.04 | 126.41 | OK | |
r-release-linux-x86_64 | 2.0 | 9.05 | 116.83 | 125.88 | OK | |
r-release-macos-arm64 | 2.0 | 69.00 | OK | |||
r-release-macos-x86_64 | 2.0 | 103.00 | OK | |||
r-release-windows-x86_64 | 2.0 | 11.00 | 183.00 | 194.00 | OK | |
r-oldrel-macos-arm64 | 2.0 | 61.00 | OK | |||
r-oldrel-macos-x86_64 | 2.0 | 109.00 | OK | |||
r-oldrel-windows-x86_64 | 2.0 | 13.00 | 210.00 | 223.00 | OK |
Version: 2.0
Check: dependencies in R code
Result: NOTE
Namespace in Imports field not imported from: ‘robustbase’
All declared Imports should be used.
Flavors: r-devel-linux-x86_64-fedora-clang, r-devel-linux-x86_64-fedora-gcc