Last updated on 2025-02-21 02:52:14 CET.
Flavor | Version | Tinstall | Tcheck | Ttotal | Status | Flags |
---|---|---|---|---|---|---|
r-devel-linux-x86_64-debian-clang | 1.0.2 | 9.04 | 247.79 | 256.83 | OK | |
r-devel-linux-x86_64-debian-gcc | 1.0.2 | 5.96 | 181.27 | 187.23 | OK | |
r-devel-linux-x86_64-fedora-clang | 1.0.2 | 389.75 | OK | |||
r-devel-linux-x86_64-fedora-gcc | 1.0.2 | 419.01 | OK | |||
r-devel-macos-arm64 | 1.0.2 | 42.00 | OK | |||
r-devel-macos-x86_64 | 1.0.2 | 74.00 | OK | |||
r-devel-windows-x86_64 | 1.0.2 | 40.00 | 235.00 | 275.00 | OK | |
r-patched-linux-x86_64 | 1.0.2 | 7.80 | 221.38 | 229.18 | OK | |
r-release-linux-x86_64 | 1.0.2 | 7.13 | 221.39 | 228.52 | OK | |
r-release-macos-arm64 | 1.0.2 | 134.00 | OK | |||
r-release-macos-x86_64 | 1.0.2 | 232.00 | OK | |||
r-release-windows-x86_64 | 1.0.2 | 40.00 | 217.00 | 257.00 | OK | |
r-oldrel-macos-arm64 | 1.0.2 | 48.00 | NOTE | |||
r-oldrel-macos-x86_64 | 1.0.2 | 82.00 | NOTE | |||
r-oldrel-windows-x86_64 | 1.0.2 | 51.00 | 262.00 | 313.00 | OK |
Version: 1.0.2
Check: package dependencies
Result: NOTE
Packages suggested but not available for checking: 'xcms', 'MSnbase'
Flavors: r-oldrel-macos-arm64, r-oldrel-macos-x86_64