CRAN Package Check Results for Package LPsmooth

Last updated on 2025-02-18 02:50:40 CET.

Flavor Version Tinstall Tcheck Ttotal Status Flags
r-devel-linux-x86_64-debian-clang 0.1.3 6.25 64.96 71.21 OK
r-devel-linux-x86_64-debian-gcc 0.1.3 5.19 43.65 48.84 OK
r-devel-linux-x86_64-fedora-clang 0.1.3 112.67 OK
r-devel-linux-x86_64-fedora-gcc 0.1.3 766.10 OK
r-devel-macos-arm64 0.1.3 34.00 OK
r-devel-macos-x86_64 0.1.3 91.00 OK
r-devel-windows-x86_64 0.1.3 10.00 77.00 87.00 OK
r-patched-linux-x86_64 0.1.3 7.24 60.46 67.70 NOTE
r-release-linux-x86_64 0.1.3 5.94 60.15 66.09 NOTE
r-release-macos-arm64 0.1.3 36.00 NOTE
r-release-macos-x86_64 0.1.3 48.00 NOTE
r-release-windows-x86_64 0.1.3 9.00 78.00 87.00 NOTE
r-oldrel-macos-arm64 0.1.3 35.00 NOTE
r-oldrel-macos-x86_64 0.1.3 54.00 NOTE
r-oldrel-windows-x86_64 0.1.3 12.00 97.00 109.00 NOTE

Check Details

Version: 0.1.3
Check: LazyData
Result: NOTE 'LazyData' is specified without a 'data' directory Flavors: r-patched-linux-x86_64, r-release-linux-x86_64, r-release-macos-arm64, r-release-macos-x86_64, r-release-windows-x86_64, r-oldrel-macos-arm64, r-oldrel-macos-x86_64, r-oldrel-windows-x86_64