Last updated on 2025-05-13 14:50:26 CEST.
Flavor | Version | Tinstall | Tcheck | Ttotal | Status | Flags |
---|---|---|---|---|---|---|
r-devel-linux-x86_64-debian-clang | 2.0.3 | 51.36 | 393.36 | 444.72 | OK | |
r-devel-linux-x86_64-debian-gcc | 2.0.3 | 38.86 | 256.35 | 295.21 | OK | |
r-devel-linux-x86_64-fedora-clang | 2.0.3 | 701.74 | OK | |||
r-devel-linux-x86_64-fedora-gcc | 2.0.3 | 711.87 | OK | |||
r-devel-windows-x86_64 | 2.0.3 | 58.00 | 466.00 | 524.00 | OK | |
r-patched-linux-x86_64 | 2.0.3 | 53.13 | 368.76 | 421.89 | OK | |
r-release-linux-x86_64 | 2.0.3 | 54.35 | 368.56 | 422.91 | OK | |
r-release-macos-arm64 | 2.0.3 | 326.00 | OK | |||
r-release-macos-x86_64 | 2.0.3 | 505.00 | OK | |||
r-release-windows-x86_64 | 2.0.3 | 62.00 | 428.00 | 490.00 | OK | |
r-oldrel-macos-arm64 | 2.0.3 | 207.00 | NOTE | |||
r-oldrel-macos-x86_64 | 2.0.3 | 416.00 | NOTE | |||
r-oldrel-windows-x86_64 | 2.0.3 | 71.00 | 613.00 | 684.00 | NOTE |
Version: 2.0.3
Check: installed package size
Result: NOTE
installed size is 7.2Mb
sub-directories of 1Mb or more:
doc 3.1Mb
libs 3.3Mb
Flavors: r-oldrel-macos-arm64, r-oldrel-macos-x86_64, r-oldrel-windows-x86_64