Last updated on 2025-05-15 02:50:11 CEST.
Flavor | Version | Tinstall | Tcheck | Ttotal | Status | Flags |
---|---|---|---|---|---|---|
r-devel-linux-x86_64-debian-clang | 1.0-1 | 22.48 | 112.95 | 135.43 | NOTE | |
r-devel-linux-x86_64-debian-gcc | 1.0-1 | 15.62 | 72.57 | 88.19 | NOTE | |
r-devel-linux-x86_64-fedora-clang | 1.0-1 | 219.79 | OK | |||
r-devel-linux-x86_64-fedora-gcc | 1.0-1 | 208.54 | OK | |||
r-devel-windows-x86_64 | 1.0-1 | 25.00 | 107.00 | 132.00 | OK | |
r-patched-linux-x86_64 | 1.0-1 | 22.88 | 102.62 | 125.50 | OK | |
r-release-linux-x86_64 | 1.0-1 | 22.16 | 103.69 | 125.85 | OK | |
r-release-macos-arm64 | 1.0-1 | 52.00 | OK | |||
r-release-macos-x86_64 | 1.0-1 | 91.00 | OK | |||
r-release-windows-x86_64 | 1.0-1 | 25.00 | 106.00 | 131.00 | OK | |
r-oldrel-macos-arm64 | 1.0-1 | 47.00 | OK | |||
r-oldrel-macos-x86_64 | 1.0-1 | 74.00 | OK | |||
r-oldrel-windows-x86_64 | 1.0-1 | 36.00 | 137.00 | 173.00 | OK |
Version: 1.0-1
Check: CRAN incoming feasibility
Result: NOTE
Maintainer: ‘Ruben H. Roa-Ureta <ruben.roa.ureta@mail.com>’
No Authors@R field in DESCRIPTION.
Please add one, modifying
Authors@R: person(given = c("Ruben", "H."),
family = "Roa-Ureta",
role = c("aut", "cre"),
email = "ruben.roa.ureta@mail.com")
as necessary.
Flavors: r-devel-linux-x86_64-debian-clang, r-devel-linux-x86_64-debian-gcc