Last updated on 2025-02-20 14:50:57 CET.
Flavor | Version | Tinstall | Tcheck | Ttotal | Status | Flags |
---|---|---|---|---|---|---|
r-devel-linux-x86_64-debian-clang | 1.4.2 | 55.44 | 159.10 | 214.54 | OK | |
r-devel-linux-x86_64-debian-gcc | 1.4.2 | 41.84 | 125.20 | 167.04 | OK | |
r-devel-linux-x86_64-fedora-clang | 1.4.2 | 340.52 | OK | |||
r-devel-linux-x86_64-fedora-gcc | 1.4.2 | 362.99 | OK | |||
r-devel-macos-arm64 | 1.4.2 | 80.00 | OK | |||
r-devel-macos-x86_64 | 1.4.2 | 141.00 | OK | |||
r-devel-windows-x86_64 | 1.4.2 | 75.00 | 189.00 | 264.00 | OK | |
r-patched-linux-x86_64 | 1.4.2 | 57.24 | 153.32 | 210.56 | OK | |
r-release-linux-x86_64 | 1.4.2 | 58.14 | 152.71 | 210.85 | OK | |
r-release-macos-arm64 | 1.4.2 | 86.00 | NOTE | |||
r-release-macos-x86_64 | 1.4.2 | 318.00 | NOTE | |||
r-release-windows-x86_64 | 1.4.2 | 72.00 | 192.00 | 264.00 | NOTE | |
r-oldrel-macos-arm64 | 1.4.2 | 138.00 | NOTE | |||
r-oldrel-macos-x86_64 | 1.4.2 | 174.00 | NOTE | |||
r-oldrel-windows-x86_64 | 1.4.2 | 88.00 | 239.00 | 327.00 | NOTE |
Version: 1.4.2
Check: package dependencies
Result: NOTE
Packages suggested but not available for checking:
'SeqArray', 'SeqVarTools'
Flavor: r-release-macos-arm64
Version: 1.4.2
Check: installed package size
Result: NOTE
installed size is 6.8Mb
sub-directories of 1Mb or more:
libs 5.1Mb
Flavors: r-release-macos-arm64, r-release-macos-x86_64, r-oldrel-macos-arm64, r-oldrel-macos-x86_64
Version: 1.4.2
Check: package dependencies
Result: NOTE
Package suggested but not available for checking: 'doMC'
Flavors: r-release-windows-x86_64, r-oldrel-windows-x86_64
Version: 1.4.2
Check: package dependencies
Result: NOTE
Package suggested but not available for checking: ‘SeqVarTools’
Flavor: r-oldrel-macos-x86_64