CRAN Package Check Results for Package MAINT.Data

Last updated on 2025-02-21 02:52:15 CET.

Flavor Version Tinstall Tcheck Ttotal Status Flags
r-devel-linux-x86_64-debian-clang 2.7.1 152.84 141.16 294.00 NOTE
r-devel-linux-x86_64-debian-gcc 2.7.1 108.40 94.75 203.15 NOTE
r-devel-linux-x86_64-fedora-clang 2.7.1 549.91 NOTE
r-devel-linux-x86_64-fedora-gcc 2.7.1 506.95 NOTE
r-devel-macos-arm64 2.7.1 112.00 NOTE
r-devel-macos-x86_64 2.7.1 161.00 NOTE
r-devel-windows-x86_64 2.7.1 154.00 160.00 314.00 NOTE
r-patched-linux-x86_64 2.7.1 172.27 127.68 299.95 NOTE
r-release-linux-x86_64 2.7.1 151.12 128.80 279.92 NOTE
r-release-macos-arm64 2.7.1 114.00 NOTE
r-release-macos-x86_64 2.7.1 133.00 NOTE
r-release-windows-x86_64 2.7.1 154.00 157.00 311.00 NOTE
r-oldrel-macos-arm64 2.7.1 126.00 NOTE
r-oldrel-macos-x86_64 2.7.1 217.00 NOTE
r-oldrel-windows-x86_64 2.7.1 206.00 204.00 410.00 NOTE

Check Details

Version: 2.7.1
Check: Rd files
Result: NOTE checkRd: (-1) RepLOptim.Rd:21: Lost braces; missing escapes or markup? 21 | \item{gr}{A function to return the gradient for the \dQuote{nlminb}, \dQuote{BFGS}, \dQuote{CG} and {L-BFGS-B} methods. If it is \sQuote{NULL}, a finite-difference approximation will be used. For the \dQuote{SANN} method it specifies a function to generate a new candidate point. If it is \sQuote{NULL} a default Gaussian Markov kernel is used.} | ^ checkRd: (-1) Robda-methods.Rd:69: Lost braces 69 | \seealso{\code{\link{lda}}, \code{\link{qda}}, \code{\link{snda}}, \code{\linkS4class{IData}}, \code{\linkS4class{RobEstControl}},code{\link{ConfMat}} } | ^ Flavors: r-devel-linux-x86_64-debian-clang, r-devel-linux-x86_64-debian-gcc, r-devel-linux-x86_64-fedora-clang, r-devel-linux-x86_64-fedora-gcc, r-devel-macos-arm64, r-devel-macos-x86_64, r-devel-windows-x86_64, r-patched-linux-x86_64, r-release-linux-x86_64, r-release-macos-arm64, r-release-macos-x86_64, r-release-windows-x86_64

Version: 2.7.1
Check: Rd cross-references
Result: NOTE Found the following Rd file(s) with Rd \link{} targets missing package anchors: RobEstControl-class.Rd: CovControlMcd-class, CovControl-class fasttle-methods.Rd: rrcov.control Please provide package anchors for all Rd \link{} targets not in the package itself and the base packages. Flavors: r-devel-linux-x86_64-debian-clang, r-devel-linux-x86_64-debian-gcc, r-devel-windows-x86_64

Version: 2.7.1
Check: installed package size
Result: NOTE installed size is 9.5Mb sub-directories of 1Mb or more: R 2.1Mb data 2.3Mb libs 4.8Mb Flavors: r-release-macos-arm64, r-release-macos-x86_64, r-release-windows-x86_64, r-oldrel-macos-arm64, r-oldrel-macos-x86_64, r-oldrel-windows-x86_64