Last updated on 2025-02-21 02:52:17 CET.
Flavor | Version | Tinstall | Tcheck | Ttotal | Status | Flags |
---|---|---|---|---|---|---|
r-devel-linux-x86_64-debian-clang | 2.3.15 | 25.03 | 249.15 | 274.18 | NOTE | |
r-devel-linux-x86_64-debian-gcc | 2.3.15 | 14.72 | 154.68 | 169.40 | NOTE | |
r-devel-linux-x86_64-fedora-clang | 2.3.15 | 437.58 | NOTE | |||
r-devel-linux-x86_64-fedora-gcc | 2.3.15 | 433.04 | NOTE | |||
r-devel-macos-arm64 | 2.3.15 | 98.00 | NOTE | |||
r-devel-macos-x86_64 | 2.3.15 | 220.00 | NOTE | |||
r-devel-windows-x86_64 | 2.3.15 | 22.00 | 211.00 | 233.00 | NOTE | |
r-patched-linux-x86_64 | 2.3.15 | 24.95 | 231.12 | 256.07 | NOTE | |
r-release-linux-x86_64 | 2.3.15 | 24.77 | 228.21 | 252.98 | NOTE | |
r-release-macos-arm64 | 2.3.15 | 96.00 | NOTE | |||
r-release-macos-x86_64 | 2.3.15 | 279.00 | NOTE | |||
r-release-windows-x86_64 | 2.3.15 | 23.00 | 203.00 | 226.00 | NOTE | |
r-oldrel-macos-arm64 | 2.3.15 | 117.00 | OK | |||
r-oldrel-macos-x86_64 | 2.3.15 | 321.00 | OK | |||
r-oldrel-windows-x86_64 | 2.3.15 | 33.00 | 260.00 | 293.00 | OK |
Version: 2.3.15
Check: Rd files
Result: NOTE
checkRd: (-1) findDescendingTrans.Rd:29: Lost braces
29 | Foster, S.D., Hosack, G.R., J. Monk, Lawrence, E., Barrett, N.S., Williams, A. and Przeslawski, P. (2020) Spatially-Balanced Designs for Transect-Based Surveys. Methods in Ecology and Evolution. emph{11}: 95--105
| ^
Flavors: r-devel-linux-x86_64-debian-clang, r-devel-linux-x86_64-debian-gcc, r-devel-linux-x86_64-fedora-clang, r-devel-linux-x86_64-fedora-gcc, r-devel-macos-arm64, r-devel-macos-x86_64, r-devel-windows-x86_64, r-patched-linux-x86_64, r-release-linux-x86_64, r-release-macos-arm64, r-release-macos-x86_64, r-release-windows-x86_64