Last updated on 2025-05-15 02:50:12 CEST.
Flavor | Version | Tinstall | Tcheck | Ttotal | Status | Flags |
---|---|---|---|---|---|---|
r-devel-linux-x86_64-debian-clang | 1.0.10 | 8.86 | 89.43 | 98.29 | NOTE | |
r-devel-linux-x86_64-debian-gcc | 1.0.10 | 7.11 | 64.01 | 71.12 | NOTE | |
r-devel-linux-x86_64-fedora-clang | 1.0.10 | 153.08 | OK | |||
r-devel-linux-x86_64-fedora-gcc | 1.0.10 | 147.04 | OK | |||
r-devel-windows-x86_64 | 1.0.10 | 11.00 | 95.00 | 106.00 | OK | |
r-patched-linux-x86_64 | 1.0.10 | 10.12 | 83.08 | 93.20 | OK | |
r-release-linux-x86_64 | 1.0.10 | 10.00 | 83.48 | 93.48 | OK | |
r-release-macos-arm64 | 1.0.10 | 65.00 | OK | |||
r-release-macos-x86_64 | 1.0.10 | 76.00 | OK | |||
r-release-windows-x86_64 | 1.0.10 | 12.00 | 97.00 | 109.00 | OK | |
r-oldrel-macos-arm64 | 1.0.10 | 43.00 | OK | |||
r-oldrel-macos-x86_64 | 1.0.10 | 79.00 | OK | |||
r-oldrel-windows-x86_64 | 1.0.10 | 14.00 | 121.00 | 135.00 | OK |
Version: 1.0.10
Check: CRAN incoming feasibility
Result: NOTE
Maintainer: ‘Mikhail V. Matz <matz@utexas.edu>’
No Authors@R field in DESCRIPTION.
Please add one, modifying
Authors@R: person(given = c("Mikhail", "V."),
family = "Matz",
role = c("aut", "cre"),
email = "matz@utexas.edu")
as necessary.
File 'R/MCMC.OTU-internal.R' sets .Random.seed.
This is usually neither needed nor wanted.
The Description field contains
http://www.bio.utexas.edu/research/matz_lab/matzlab/Methods_files/walkthroughExample_mcmcOTU_R.txt.
Please enclose URLs in angle brackets (<...>).
Flavors: r-devel-linux-x86_64-debian-clang, r-devel-linux-x86_64-debian-gcc