Last updated on 2025-02-18 02:50:42 CET.
Flavor | Version | Tinstall | Tcheck | Ttotal | Status | Flags |
---|---|---|---|---|---|---|
r-devel-linux-x86_64-debian-clang | 1.7-1 | 579.06 | 126.44 | 705.50 | OK | |
r-devel-linux-x86_64-debian-gcc | 1.7-1 | 269.11 | 87.74 | 356.85 | OK | |
r-devel-linux-x86_64-fedora-clang | 1.7-1 | 1172.71 | OK | |||
r-devel-linux-x86_64-fedora-gcc | 1.7-1 | 902.51 | OK | |||
r-devel-macos-arm64 | 1.7-1 | 239.00 | OK | |||
r-devel-macos-x86_64 | 1.7-1 | 299.00 | OK | |||
r-devel-windows-x86_64 | 1.7-1 | 329.00 | 175.00 | 504.00 | OK | |
r-patched-linux-x86_64 | 1.7-1 | 375.18 | 118.34 | 493.52 | OK | |
r-release-linux-x86_64 | 1.7-1 | 377.86 | 117.47 | 495.33 | OK | |
r-release-macos-arm64 | 1.7-1 | 244.00 | NOTE | |||
r-release-macos-x86_64 | 1.7-1 | 263.00 | NOTE | |||
r-release-windows-x86_64 | 1.7-1 | 336.00 | 163.00 | 499.00 | OK | |
r-oldrel-macos-arm64 | 1.7-1 | 303.00 | NOTE | |||
r-oldrel-macos-x86_64 | 1.7-1 | 270.00 | NOTE | |||
r-oldrel-windows-x86_64 | 1.7-1 | 407.00 | 211.00 | 618.00 | OK |
Version: 1.7-1
Check: installed package size
Result: NOTE
installed size is 34.3Mb
sub-directories of 1Mb or more:
libs 33.2Mb
Flavors: r-release-macos-arm64, r-release-macos-x86_64, r-oldrel-macos-arm64, r-oldrel-macos-x86_64