CRAN Package Check Results for Package MCSim

Last updated on 2025-02-18 02:50:42 CET.

Flavor Version Tinstall Tcheck Ttotal Status Flags
r-devel-linux-x86_64-debian-clang 1.0 1.78 20.13 21.91 OK
r-devel-linux-x86_64-debian-gcc 1.0 1.38 16.60 17.98 OK
r-devel-linux-x86_64-fedora-clang 1.0 36.48 OK
r-devel-linux-x86_64-fedora-gcc 1.0 33.31 OK
r-devel-macos-arm64 1.0 15.00 OK
r-devel-macos-x86_64 1.0 26.00 OK
r-devel-windows-x86_64 1.0 3.00 42.00 45.00 OK
r-patched-linux-x86_64 1.0 1.87 19.69 21.56 NOTE
r-release-linux-x86_64 1.0 1.74 19.50 21.24 NOTE
r-release-macos-arm64 1.0 16.00 NOTE
r-release-macos-x86_64 1.0 22.00 NOTE
r-release-windows-x86_64 1.0 2.00 42.00 44.00 NOTE
r-oldrel-macos-arm64 1.0 16.00 NOTE
r-oldrel-macos-x86_64 1.0 22.00 NOTE
r-oldrel-windows-x86_64 1.0 2.00 58.00 60.00 NOTE

Check Details

Version: 1.0
Check: LazyData
Result: NOTE 'LazyData' is specified without a 'data' directory Flavors: r-patched-linux-x86_64, r-release-linux-x86_64, r-release-macos-arm64, r-release-macos-x86_64, r-release-windows-x86_64, r-oldrel-macos-arm64, r-oldrel-macos-x86_64, r-oldrel-windows-x86_64