Last updated on 2024-05-21 14:57:16 CEST.
Flavor | Version | Tinstall | Tcheck | Ttotal | Status | Flags |
---|---|---|---|---|---|---|
r-devel-linux-x86_64-debian-clang | 0.1.0 | 2.32 | 25.79 | 28.11 | NOTE | |
r-devel-linux-x86_64-debian-gcc | 0.1.0 | 1.93 | 19.57 | 21.50 | NOTE | |
r-devel-linux-x86_64-fedora-clang | 0.1.0 | 35.19 | NOTE | |||
r-devel-linux-x86_64-fedora-gcc | 0.1.0 | 32.37 | NOTE | |||
r-devel-windows-x86_64 | 0.1.0 | 2.00 | 44.00 | 46.00 | NOTE | |
r-patched-linux-x86_64 | 0.1.0 | 2.67 | 24.76 | 27.43 | NOTE | |
r-release-linux-x86_64 | 0.1.0 | 1.99 | 24.75 | 26.74 | NOTE | |
r-release-macos-arm64 | 0.1.0 | 14.00 | NOTE | |||
r-release-windows-x86_64 | 0.1.0 | 3.00 | 43.00 | 46.00 | NOTE | |
r-oldrel-macos-arm64 | 0.1.0 | 16.00 | OK | |||
r-oldrel-macos-x86_64 | 0.1.0 | 21.00 | OK | |||
r-oldrel-windows-x86_64 | 0.1.0 | 6.00 | 42.00 | 48.00 | OK |
Version: 0.1.0
Check: Rd files
Result: NOTE
checkRd: (-1) MED.Rd:25: Lost braces
25 | The vector of treatment assignments of length \eqn{n}. Must be coded as \eqn{\{0,1} {{0,1}}.
| ^
Flavors: r-devel-linux-x86_64-debian-clang, r-devel-linux-x86_64-debian-gcc, r-devel-linux-x86_64-fedora-clang, r-devel-linux-x86_64-fedora-gcc, r-devel-windows-x86_64, r-patched-linux-x86_64, r-release-linux-x86_64, r-release-macos-arm64, r-release-windows-x86_64