Last updated on 2025-02-21 02:52:18 CET.
Flavor | Version | Tinstall | Tcheck | Ttotal | Status | Flags |
---|---|---|---|---|---|---|
r-devel-linux-x86_64-debian-clang | 0.1.0 | 13.28 | 101.24 | 114.52 | NOTE | |
r-devel-linux-x86_64-debian-gcc | 0.1.0 | 9.06 | 67.51 | 76.57 | NOTE | |
r-devel-linux-x86_64-fedora-clang | 0.1.0 | 177.35 | NOTE | |||
r-devel-linux-x86_64-fedora-gcc | 0.1.0 | 166.05 | NOTE | |||
r-devel-macos-arm64 | 0.1.0 | 50.00 | OK | |||
r-devel-macos-x86_64 | 0.1.0 | 92.00 | NOTE | |||
r-devel-windows-x86_64 | 0.1.0 | 15.00 | 110.00 | 125.00 | NOTE | |
r-patched-linux-x86_64 | 0.1.0 | 11.71 | 91.79 | 103.50 | OK | |
r-release-linux-x86_64 | 0.1.0 | 12.01 | 91.45 | 103.46 | OK | |
r-release-macos-arm64 | 0.1.0 | 52.00 | OK | |||
r-release-macos-x86_64 | 0.1.0 | 73.00 | OK | |||
r-release-windows-x86_64 | 0.1.0 | 14.00 | 100.00 | 114.00 | OK | |
r-oldrel-macos-arm64 | 0.1.0 | 54.00 | OK | |||
r-oldrel-macos-x86_64 | 0.1.0 | 82.00 | OK | |||
r-oldrel-windows-x86_64 | 0.1.0 | 19.00 | 123.00 | 142.00 | OK |
Version: 0.1.0
Check: DESCRIPTION meta-information
Result: NOTE
Missing dependency on R >= 4.1.0 because package code uses the pipe
|> or function shorthand \(...) syntax added in R 4.1.0.
File(s) using such syntax:
‘flexImputeModel.R’
Flavors: r-devel-linux-x86_64-debian-clang, r-devel-linux-x86_64-debian-gcc, r-devel-linux-x86_64-fedora-clang, r-devel-linux-x86_64-fedora-gcc, r-devel-macos-x86_64, r-devel-windows-x86_64