CRAN Package Check Results for Package MIIPW

Last updated on 2025-02-18 02:50:42 CET.

Flavor Version Tinstall Tcheck Ttotal Status Flags
r-devel-linux-x86_64-debian-clang 0.1.1 13.51 118.84 132.35 NOTE
r-devel-linux-x86_64-debian-gcc 0.1.1 8.15 79.81 87.96 NOTE
r-devel-linux-x86_64-fedora-clang 0.1.1 218.31 OK
r-devel-linux-x86_64-fedora-gcc 0.1.1 209.54 OK
r-devel-macos-arm64 0.1.1 62.00 OK
r-devel-macos-x86_64 0.1.1 116.00 OK
r-devel-windows-x86_64 0.1.1 15.00 114.00 129.00 NOTE
r-patched-linux-x86_64 0.1.1 18.47 109.94 128.41 OK
r-release-linux-x86_64 0.1.1 11.75 110.43 122.18 OK
r-release-macos-arm64 0.1.1 61.00 OK
r-release-macos-x86_64 0.1.1 90.00 OK
r-release-windows-x86_64 0.1.1 13.00 118.00 131.00 OK
r-oldrel-macos-arm64 0.1.1 61.00 OK
r-oldrel-macos-x86_64 0.1.1 117.00 OK
r-oldrel-windows-x86_64 0.1.1 18.00 166.00 184.00 OK

Check Details

Version: 0.1.1
Check: Rd cross-references
Result: NOTE Found the following Rd file(s) with Rd \link{} targets missing package anchors: AIPW.Rd: mice MeanScore.Rd: mice miAIPW.Rd: mice miSIPW.Rd: mice Please provide package anchors for all Rd \link{} targets not in the package itself and the base packages. Flavors: r-devel-linux-x86_64-debian-clang, r-devel-linux-x86_64-debian-gcc, r-devel-windows-x86_64