Last updated on 2025-02-18 02:50:43 CET.
Flavor | Version | Tinstall | Tcheck | Ttotal | Status | Flags |
---|---|---|---|---|---|---|
r-devel-linux-x86_64-debian-clang | 0.3.3 | 2.06 | 25.02 | 27.08 | OK | |
r-devel-linux-x86_64-debian-gcc | 0.3.3 | 1.58 | 20.77 | 22.35 | OK | |
r-devel-linux-x86_64-fedora-clang | 0.3.3 | 48.98 | OK | |||
r-devel-linux-x86_64-fedora-gcc | 0.3.3 | 63.93 | OK | |||
r-devel-macos-arm64 | 0.3.3 | 26.00 | OK | |||
r-devel-macos-x86_64 | 0.3.3 | 47.00 | OK | |||
r-devel-windows-x86_64 | 0.3.3 | 3.00 | 55.00 | 58.00 | OK | |
r-patched-linux-x86_64 | 0.3.3 | 1.91 | 24.10 | 26.01 | OK | |
r-release-linux-x86_64 | 0.3.3 | 2.00 | 24.67 | 26.67 | OK | |
r-release-macos-arm64 | 0.3.3 | 25.00 | NOTE | |||
r-release-macos-x86_64 | 0.3.3 | 39.00 | NOTE | |||
r-release-windows-x86_64 | 0.3.3 | 5.00 | 51.00 | 56.00 | OK | |
r-oldrel-macos-arm64 | 0.3.3 | 26.00 | NOTE | |||
r-oldrel-macos-x86_64 | 0.3.3 | 35.00 | NOTE | |||
r-oldrel-windows-x86_64 | 0.3.3 | 3.00 | 51.00 | 54.00 | OK |
Version: 0.3.3
Check: package dependencies
Result: NOTE
Package suggested but not available for checking: ‘IlluminaHumanMethylation450kmanifest’
Flavors: r-release-macos-arm64, r-release-macos-x86_64
Version: 0.3.3
Check: package dependencies
Result: NOTE
Packages suggested but not available for checking:
'minfi', 'GEOquery', 'IlluminaHumanMethylation450kmanifest'
Flavor: r-oldrel-macos-arm64
Version: 0.3.3
Check: package dependencies
Result: NOTE
Packages suggested but not available for checking:
'minfi', 'IlluminaHumanMethylation450kmanifest'
Flavor: r-oldrel-macos-x86_64