Last updated on 2025-02-21 02:52:18 CET.
Flavor | Version | Tinstall | Tcheck | Ttotal | Status | Flags |
---|---|---|---|---|---|---|
r-devel-linux-x86_64-debian-clang | 3.0.3 | 69.01 | 85.60 | 154.61 | OK | |
r-devel-linux-x86_64-debian-gcc | 3.0.3 | 59.62 | 62.72 | 122.34 | OK | |
r-devel-linux-x86_64-fedora-clang | 3.0.3 | 255.64 | OK | |||
r-devel-linux-x86_64-fedora-gcc | 3.0.3 | 271.81 | OK | |||
r-devel-macos-arm64 | 3.0.3 | 67.00 | OK | |||
r-devel-macos-x86_64 | 3.0.3 | 135.00 | OK | |||
r-devel-windows-x86_64 | 3.0.3 | 63.00 | 107.00 | 170.00 | OK | |
r-patched-linux-x86_64 | 3.0.3 | 71.38 | 82.47 | 153.85 | OK | |
r-release-linux-x86_64 | 3.0.3 | 76.08 | 83.89 | 159.97 | OK | |
r-release-macos-arm64 | 3.0.3 | 72.00 | NOTE | |||
r-release-macos-x86_64 | 3.0.3 | 195.00 | NOTE | |||
r-release-windows-x86_64 | 3.0.3 | 63.00 | 109.00 | 172.00 | OK | |
r-oldrel-macos-arm64 | 3.0.3 | 74.00 | NOTE | |||
r-oldrel-macos-x86_64 | 3.0.3 | 195.00 | NOTE | |||
r-oldrel-windows-x86_64 | 3.0.3 | 79.00 | 131.00 | 210.00 | OK |
Version: 3.0.3
Check: installed package size
Result: NOTE
installed size is 28.6Mb
sub-directories of 1Mb or more:
libs 27.9Mb
Flavors: r-release-macos-arm64, r-release-macos-x86_64, r-oldrel-macos-arm64, r-oldrel-macos-x86_64