Last updated on 2025-05-16 02:50:21 CEST.
Flavor | Version | Tinstall | Tcheck | Ttotal | Status | Flags |
---|---|---|---|---|---|---|
r-devel-linux-x86_64-debian-clang | 1.1.0 | 38.65 | 59.31 | 97.96 | OK | |
r-devel-linux-x86_64-debian-gcc | 1.1.0 | 28.41 | 43.93 | 72.34 | OK | |
r-devel-linux-x86_64-fedora-clang | 1.1.0 | 161.16 | NOTE | |||
r-devel-linux-x86_64-fedora-gcc | 1.1.0 | 175.90 | NOTE | |||
r-devel-windows-x86_64 | 1.1.0 | 47.00 | 89.00 | 136.00 | OK | |
r-patched-linux-x86_64 | 1.1.0 | 43.46 | 57.55 | 101.01 | OK | |
r-release-linux-x86_64 | 1.1.0 | 42.36 | 58.31 | 100.67 | OK | |
r-release-macos-arm64 | 1.1.0 | 53.00 | OK | |||
r-release-macos-x86_64 | 1.1.0 | 93.00 | OK | |||
r-release-windows-x86_64 | 1.1.0 | 47.00 | 89.00 | 136.00 | OK | |
r-oldrel-macos-arm64 | 1.1.0 | 45.00 | OK | |||
r-oldrel-macos-x86_64 | 1.1.0 | 64.00 | OK | |||
r-oldrel-windows-x86_64 | 1.1.0 | 56.00 | 110.00 | 166.00 | OK |
Version: 1.1.0
Check: dependencies in R code
Result: NOTE
Namespace in Imports field not imported from: ‘GFM’
All declared Imports should be used.
Flavors: r-devel-linux-x86_64-fedora-clang, r-devel-linux-x86_64-fedora-gcc